{"id":594,"date":"2015-10-28T18:44:35","date_gmt":"2015-10-28T18:44:35","guid":{"rendered":"https:\/\/mibt.hu\/olvasosarok\/?page_id=594"},"modified":"2016-08-11T11:01:55","modified_gmt":"2016-08-11T11:01:55","slug":"szonija-dzsabar-2","status":"publish","type":"page","link":"https:\/\/mibt.hu\/olvasosarok\/szonija-dzsabar-2\/","title":{"rendered":"Sonia Jabbar ( Sz\u00f3nij\u00e1 Dzsabar)"},"content":{"rendered":"<p>[et_pb_section fullwidth=&#8221;on&#8221; specialty=&#8221;off&#8221; admin_label=&#8221;Szakasz&#8221;][et_pb_fullwidth_menu admin_label=&#8221;Teljes sz\u00e9less\u00e9g\u0171 men\u00fc&#8221; menu_id=&#8221;2&#8243; background_color=&#8221;#ffffff&#8221; background_layout=&#8221;light&#8221; text_orientation=&#8221;center&#8221; submenu_direction=&#8221;downwards&#8221; fullwidth_menu=&#8221;off&#8221; dropdown_menu_animation=&#8221;fade&#8221; \/][\/et_pb_section][et_pb_section admin_label=&#8221;Szakasz&#8221; fullwidth=&#8221;off&#8221; specialty=&#8221;on&#8221;][et_pb_column type=&#8221;1_4&#8243;][et_pb_image admin_label=&#8221;K\u00e9p&#8221; src=&#8221;https:\/\/mibt.hu\/olvasosarok\/wp-content\/uploads\/sites\/5\/2015\/10\/sz\u00f3nij\u00e1-dzsabar.jpg&#8221; show_in_lightbox=&#8221;off&#8221; url_new_window=&#8221;off&#8221; animation=&#8221;off&#8221; sticky=&#8221;off&#8221; align=&#8221;left&#8221; force_fullwidth=&#8221;off&#8221; always_center_on_mobile=&#8221;on&#8221; use_border_color=&#8221;off&#8221; border_color=&#8221;#ffffff&#8221; border_style=&#8221;solid&#8221;] [\/et_pb_image][\/et_pb_column][et_pb_column type=&#8221;3_4&#8243; specialty_columns=&#8221;3&#8243;][et_pb_row_inner admin_label=&#8221;Sor&#8221;][et_pb_column_inner type=&#8221;4_4&#8243; saved_specialty_column_type=&#8221;3_4&#8243;][et_pb_text admin_label=&#8221;Sz\u00f6veg&#8221; background_layout=&#8221;light&#8221; text_orientation=&#8221;left&#8221; text_font_size=&#8221;14&#8243; use_border_color=&#8221;off&#8221; border_color=&#8221;#ffffff&#8221; border_style=&#8221;solid&#8221;]<\/p>\n<h2>Sonia Jabbar(Sz\u00f3nij\u00e1 Dzsabar )(1964-)<\/h2>\n<p>\u00cdr\u00f3, \u00fajs\u00e1g\u00edr\u00f3, fotogr\u00e1fus.Tanulm\u00e1nyait Kalkutt\u00e1ban \u00e9s az USA-ban v\u00e9gezte. Sz\u00e1mos polg\u00e1rjogi mozgalommal kapcsolj\u00e1k \u00f6ssze a nev\u00e9t (pl. feminista, emberjogi mozgalmakkal), illetve sz\u00e1mos kezdem\u00e9nyez\u00e9sben r\u00e9szt vett, amelyek Pakiszt\u00e1n \u00e9s India j\u00f3 kapcsolat\u00e1nak \u00e9s bar\u00e1ti viszony\u00e1nak kialak\u00edt\u00e1s\u00e1t tekintik c\u00e9ljuknak. Kasm\u00edrban emberi jogi aktivistak\u00e9nt dolgozik, valamint f\u00e9nyk\u00e9p\u00e9szettel, \u00fajs\u00e1g\u00edr\u00e1ssal \u00e9s filmk\u00e9sz\u00edt\u00e9ssel is foglalkozik. Sz\u00e1mos foly\u00f3iratban \u00e9s antol\u00f3gi\u00e1ban publik\u00e1lt.<\/p>\n<p>[\/et_pb_text][et_pb_text admin_label=&#8221;Sz\u00f6veg&#8221; background_layout=&#8221;light&#8221; text_orientation=&#8221;left&#8221; text_font_size=&#8221;14&#8243; use_border_color=&#8221;off&#8221; border_color=&#8221;#ffffff&#8221; border_style=&#8221;solid&#8221;]<\/p>\n<h2>M\u0171veib\u0151l<\/h2>\n<p>[\/et_pb_text][et_pb_blog admin_label=&#8221;Blog&#8221; fullwidth=&#8221;on&#8221; include_categories=&#8221;35&#8243; show_thumbnail=&#8221;on&#8221; show_content=&#8221;on&#8221; show_more=&#8221;off&#8221; show_author=&#8221;off&#8221; show_date=&#8221;off&#8221; show_categories=&#8221;on&#8221; show_comments=&#8221;off&#8221; show_pagination=&#8221;off&#8221; offset_number=&#8221;0&#8243; background_layout=&#8221;light&#8221; use_dropshadow=&#8221;off&#8221; header_font_size=&#8221;18&#8243; meta_font_size=&#8221;14&#8243; body_font_size=&#8221;14&#8243; use_border_color=&#8221;off&#8221; border_color=&#8221;#ffffff&#8221; border_style=&#8221;solid&#8221;] [\/et_pb_blog][\/et_pb_column_inner][\/et_pb_row_inner][\/et_pb_column][\/et_pb_section]<\/p>\n","protected":false},"excerpt":{"rendered":"<p>Sonia Jabbar(Sz\u00f3nij\u00e1 Dzsabar )(1964-) \u00cdr\u00f3, \u00fajs\u00e1g\u00edr\u00f3, fotogr\u00e1fus.Tanulm\u00e1nyait Kalkutt\u00e1ban \u00e9s az USA-ban v\u00e9gezte. Sz\u00e1mos polg\u00e1rjogi mozgalommal kapcsolj\u00e1k \u00f6ssze a nev\u00e9t (pl. feminista, emberjogi mozgalmakkal), illetve sz\u00e1mos kezdem\u00e9nyez\u00e9sben r\u00e9szt vett, amelyek Pakiszt\u00e1n \u00e9s India j\u00f3 kapcsolat\u00e1nak \u00e9s bar\u00e1ti viszony\u00e1nak kialak\u00edt\u00e1s\u00e1t tekintik c\u00e9ljuknak. Kasm\u00edrban emberi jogi aktivistak\u00e9nt dolgozik, valamint f\u00e9nyk\u00e9p\u00e9szettel, \u00fajs\u00e1g\u00edr\u00e1ssal \u00e9s filmk\u00e9sz\u00edt\u00e9ssel is foglalkozik. Sz\u00e1mos foly\u00f3iratban \u00e9s [&hellip;]<\/p>\n","protected":false},"author":4,"featured_media":0,"parent":0,"menu_order":0,"comment_status":"closed","ping_status":"closed","template":"","meta":{"_et_pb_use_builder":"on","_et_pb_old_content":"","_et_gb_content_width":"","footnotes":""},"class_list":["post-594","page","type-page","status-publish","hentry"],"_links":{"self":[{"href":"https:\/\/mibt.hu\/olvasosarok\/wp-json\/wp\/v2\/pages\/594","targetHints":{"allow":["GET"]}}],"collection":[{"href":"https:\/\/mibt.hu\/olvasosarok\/wp-json\/wp\/v2\/pages"}],"about":[{"href":"https:\/\/mibt.hu\/olvasosarok\/wp-json\/wp\/v2\/types\/page"}],"author":[{"embeddable":true,"href":"https:\/\/mibt.hu\/olvasosarok\/wp-json\/wp\/v2\/users\/4"}],"replies":[{"embeddable":true,"href":"https:\/\/mibt.hu\/olvasosarok\/wp-json\/wp\/v2\/comments?post=594"}],"version-history":[{"count":8,"href":"https:\/\/mibt.hu\/olvasosarok\/wp-json\/wp\/v2\/pages\/594\/revisions"}],"predecessor-version":[{"id":1297,"href":"https:\/\/mibt.hu\/olvasosarok\/wp-json\/wp\/v2\/pages\/594\/revisions\/1297"}],"wp:attachment":[{"href":"https:\/\/mibt.hu\/olvasosarok\/wp-json\/wp\/v2\/media?parent=594"}],"curies":[{"name":"wp","href":"https:\/\/api.w.org\/{rel}","templated":true}]}}

Sonia Jabbar ( Szónijá Dzsabar)

<p>[et_pb_section fullwidth=&#8221;on&#8221; specialty=&#8221;off&#8221; admin_label=&#8221;Szakasz&#8221;][et_pb_fullwidth_menu admin_label=&#8221;Teljes szélességű menü&#8221; menu_id=&#8221;2&#8243; background_color=&#8221;#ffffff&#8221; background_layout=&#8221;light&#8221; text_orientation=&#8221;center&#8221; submenu_direction=&#8221;downwards&#8221; fullwidth_menu=&#8221;off&#8221; dropdown_menu_animation=&#8221;fade&#8221; /][/et_pb_section][et_pb_section admin_label=&#8221;Szakasz&#8221; fullwidth=&#8221;off&#8221; specialty=&#8221;on&#8221;][et_pb_column type=&#8221;1_4&#8243;][et_pb_image admin_label=&#8221;Kép&#8221; src=&#8221;https://mibt.hu/olvasosarok/wp-content/uploads/sites/5/2015/10/szónijá-dzsabar.jpg&#8221; show_in_lightbox=&#8221;off&#8221; url_new_window=&#8221;off&#8221; animation=&#8221;off&#8221; sticky=&#8221;off&#8221; align=&#8221;left&#8221; force_fullwidth=&#8221;off&#8221; always_center_on_mobile=&#8221;on&#8221; use_border_color=&#8221;off&#8221; border_color=&#8221;#ffffff&#8221; border_style=&#8221;solid&#8221;] [/et_pb_image][/et_pb_column][et_pb_column type=&#8221;3_4&#8243; specialty_columns=&#8221;3&#8243;][et_pb_row_inner admin_label=&#8221;Sor&#8221;][et_pb_column_inner type=&#8221;4_4&#8243; saved_specialty_column_type=&#8221;3_4&#8243;][et_pb_text admin_label=&#8221;Szöveg&#8221; background_layout=&#8221;light&#8221; text_orientation=&#8221;left&#8221; text_font_size=&#8221;14&#8243; use_border_color=&#8221;off&#8221; border_color=&#8221;#ffffff&#8221; border_style=&#8221;solid&#8221;]</p>
<h2>Sonia Jabbar(Szónijá Dzsabar )(1964-)</h2>
<p>Író, újságíró, fotográfus.Tanulmányait Kalkuttában és az USA-ban végezte. Számos polgárjogi mozgalommal kapcsolják össze a nevét (pl. feminista, emberjogi mozgalmakkal), illetve számos kezdeményezésben részt vett, amelyek Pakisztán és India jó kapcsolatának és baráti viszonyának kialakítását tekintik céljuknak. Kasmírban emberi jogi aktivistaként dolgozik, valamint fényképészettel, újságírással és filmkészítéssel is foglalkozik. Számos folyóiratban és antológiában publikált.</p>
<p>[/et_pb_text][et_pb_text admin_label=&#8221;Szöveg&#8221; background_layout=&#8221;light&#8221; text_orientation=&#8221;left&#8221; text_font_size=&#8221;14&#8243; use_border_color=&#8221;off&#8221; border_color=&#8221;#ffffff&#8221; border_style=&#8221;solid&#8221;]</p>
<h2>Műveiből</h2>
<p>[/et_pb_text][et_pb_blog admin_label=&#8221;Blog&#8221; fullwidth=&#8221;on&#8221; include_categories=&#8221;35&#8243; show_thumbnail=&#8221;on&#8221; show_content=&#8221;on&#8221; show_more=&#8221;off&#8221; show_author=&#8221;off&#8221; show_date=&#8221;off&#8221; show_categories=&#8221;on&#8221; show_comments=&#8221;off&#8221; show_pagination=&#8221;off&#8221; offset_number=&#8221;0&#8243; background_layout=&#8221;light&#8221; use_dropshadow=&#8221;off&#8221; header_font_size=&#8221;18&#8243; meta_font_size=&#8221;14&#8243; body_font_size=&#8221;14&#8243; use_border_color=&#8221;off&#8221; border_color=&#8221;#ffffff&#8221; border_style=&#8221;solid&#8221;] [/et_pb_blog][/et_pb_column_inner][/et_pb_row_inner][/et_pb_column][/et_pb_section]</p>

<p>Sonia Jabbar(Szónijá Dzsabar )(1964-) Író, újságíró, fotográfus.Tanulmányait Kalkuttában és az USA-ban végezte. Számos polgárjogi mozgalommal kapcsolják össze a nevét (pl. feminista, emberjogi mozgalmakkal), illetve számos kezdeményezésben részt vett, amelyek Pakisztán és India jó kapcsolatának és baráti viszonyának kialakítását tekintik céljuknak. Kasmírban emberi jogi aktivistaként dolgozik, valamint fényképészettel, újságírással és filmkészítéssel is foglalkozik. Számos folyóiratban és [&hellip;]</p>
