{"id":232,"date":"2015-10-25T20:13:33","date_gmt":"2015-10-25T20:13:33","guid":{"rendered":"https:\/\/mibt.hu\/olvasosarok\/?page_id=232"},"modified":"2016-06-15T09:16:08","modified_gmt":"2016-06-15T09:16:08","slug":"umasankar-dzsosi-1911-1988","status":"publish","type":"page","link":"https:\/\/mibt.hu\/olvasosarok\/umasankar-dzsosi-1911-1988\/","title":{"rendered":"Um\u00e1sankar Dzs\u00f3si (1911\u20131988)"},"content":{"rendered":"<p>[et_pb_section admin_label=&#8221;Szakasz&#8221; fullwidth=&#8221;on&#8221; specialty=&#8221;off&#8221;][et_pb_fullwidth_menu admin_label=&#8221;Teljes sz\u00e9less\u00e9g\u0171 men\u00fc&#8221; menu_id=&#8221;2&#8243; background_color=&#8221;#ffffff&#8221; background_layout=&#8221;light&#8221; text_orientation=&#8221;center&#8221; submenu_direction=&#8221;downwards&#8221; fullwidth_menu=&#8221;off&#8221; dropdown_menu_animation=&#8221;fade&#8221;] [\/et_pb_fullwidth_menu][\/et_pb_section][et_pb_section admin_label=&#8221;Szakasz&#8221; fullwidth=&#8221;off&#8221; specialty=&#8221;on&#8221;][et_pb_column type=&#8221;1_4&#8243;][et_pb_image admin_label=&#8221;K\u00e9p&#8221; src=&#8221;https:\/\/mibt.hu\/olvasosarok\/wp-content\/uploads\/sites\/5\/2015\/10\/umashankarjoshi-solo04.jpg&#8221; show_in_lightbox=&#8221;off&#8221; url_new_window=&#8221;off&#8221; animation=&#8221;off&#8221; sticky=&#8221;off&#8221; align=&#8221;left&#8221; force_fullwidth=&#8221;off&#8221; always_center_on_mobile=&#8221;on&#8221; use_border_color=&#8221;off&#8221; border_color=&#8221;#ffffff&#8221; border_style=&#8221;solid&#8221;] [\/et_pb_image][\/et_pb_column][et_pb_column type=&#8221;3_4&#8243; specialty_columns=&#8221;3&#8243;][et_pb_row_inner admin_label=&#8221;Sor&#8221;][et_pb_column_inner type=&#8221;4_4&#8243; saved_specialty_column_type=&#8221;3_4&#8243;][et_pb_text admin_label=&#8221;Sz\u00f6veg&#8221; background_layout=&#8221;light&#8221; text_orientation=&#8221;left&#8221; text_font_size=&#8221;14&#8243; use_border_color=&#8221;off&#8221; border_color=&#8221;#ffffff&#8221; border_style=&#8221;solid&#8221;]<\/p>\n<h2 style=\"text-align: justify;\">Um\u00e1sankar Dzs\u00f3si (1911\u20131988)<\/h2>\n<p style=\"text-align: justify;\">A XX. sz\u00e1zadi gudzsar\u00e1ti irodalom egyik legkiemelked\u0151bb alakja. Elemi tanulm\u00e1nyait sz\u00fcl\u0151faluj\u00e1ban v\u00e9gezte, k\u00f6z\u00e9piskol\u00e1it egy k\u00f6zeli kisv\u00e1rosban, egyetemi tanulm\u00e1nyait el\u0151bb Gudzsar\u00e1t legnagyobb v\u00e1ros\u00e1ban, Ahmad\u00e1b\u00e1dban, majd pedig Bombayban v\u00e9gezte. Ezut\u00e1n k\u00f6z\u00e9piskolai majd egyetemi tan\u00e1rk\u00e9nt dolgozott. 1931-t\u0151l kezdve r\u00e9szt vett az indiai szabads\u00e1gmozgalomban, \u00e9s ebben az \u00e9vben jelent meg els\u0151 versesk\u00f6tete is. Gondolkd\u00e1sm\u00f3dj\u00e1ra \u00e9s tev\u00e9kenys\u00e9g\u00e9re \u00f3ri\u00e1si hat\u00e1ssal volt Mah\u00e1tm\u00e1 G\u00e1ndhi. A hatvanas \u00e9vek v\u00e9g\u00e9t\u0151l a Gudzsar\u00e1ti Egyetem rektora, majd az indiai Irodalmi Akad\u00e9mia eln\u00f6ke volt. 1970-76 k\u00f6z\u00f6tt orsz\u00e1ggy\u0171l\u00e9si k\u00e9pvisel\u0151.<\/p>\n<p>[\/et_pb_text][et_pb_text admin_label=&#8221;Sz\u00f6veg&#8221; background_layout=&#8221;light&#8221; text_orientation=&#8221;left&#8221; text_font_size=&#8221;14&#8243; use_border_color=&#8221;off&#8221; border_color=&#8221;#ffffff&#8221; border_style=&#8221;solid&#8221;]<\/p>\n<h2>M\u0171veib\u0151l<\/h2>\n<p>[\/et_pb_text][et_pb_text admin_label=&#8221;Sz\u00f6veg&#8221; background_layout=&#8221;light&#8221; text_orientation=&#8221;left&#8221; text_font_size=&#8221;14&#8243; use_border_color=&#8221;off&#8221; border_color=&#8221;#ffffff&#8221; border_style=&#8221;solid&#8221;]<\/p>\n<h4>Valamit mondani akart egy mad\u00e1r<\/h4>\n<p>&nbsp;<\/p>\n<p>Valamit mondani akart egy mad\u00e1r,<br \/>\nde f\u00e9lt odamenni az emberhez;<br \/>\nelsz\u00e1llt h\u00e1t messze \u2014 dombtet\u0151re, magas fa \u00e1g\u00e1ra.<br \/>\nK\u00f6r\u00fcl se n\u00e9zett,<br \/>\n\u00e9hes, f\u00e1radt \u00e9s mag\u00e1nyos volt. Hagym\u00e1z s\u00falya alatt<br \/>\nny\u00f6sz\u00f6rg\u00f6tt. Alatta a patak<br \/>\nmeghallotta: \u201eMajd \u00e9n \u00e1tadom neki, ha \u00fatk\u00f6zben<br \/>\ntal\u00e1lkozom vele!\u201d Bukd\u00e1csolva, mez\u0151k\u00f6n kanyarogva,<br \/>\nkimer\u00fclten \u00f6ml\u00f6tt a tengerbe. Valamit<br \/>\ncsobogva mondott. \u201eSemmi baj! Elviszem<br \/>\na vil\u00e1g n\u00e9gy sark\u00e1ba,\u201d sz\u00f3lt a tenger, \u00e9s mozg\u00e1sba j\u00f6tt.<br \/>\n\u00c9jjel-nappal szikl\u00e1knak \u00fct\u0151d\u0151 fejjel<br \/>\naz \u00fczenet szavait is elfelejtette.<br \/>\nValamit mondani akart egy mad\u00e1r\u2026<em><br \/>\n<\/em><\/p>\n<p><em>\u00a0\u00a0\u00a0\u00a0\u00a0\u00a0\u00a0\u00a0\u00a0\u00a0\u00a0\u00a0\u00a0\u00a0\u00a0\u00a0\u00a0\u00a0\u00a0\u00a0\u00a0\u00a0\u00a0\u00a0\u00a0\u00a0\u00a0\u00a0\u00a0\u00a0\u00a0\u00a0\u00a0\u00a0 Bangha Imre ford\u00edt\u00e1sa gudzsar\u00e1tib\u00f3l<\/em><\/p>\n<p>Megjelent: Kort\u00e1rs indiai irodalom. Nagyvil\u00e1g. Vil\u00e1girodalmi foly\u00f3irat. 2010\/10. Budapest<\/p>\n<p>[\/et_pb_text][\/et_pb_column_inner][\/et_pb_row_inner][\/et_pb_column][\/et_pb_section]<\/p>\n","protected":false},"excerpt":{"rendered":"<p>Um\u00e1sankar Dzs\u00f3si (1911\u20131988) A XX. sz\u00e1zadi gudzsar\u00e1ti irodalom egyik legkiemelked\u0151bb alakja. Elemi tanulm\u00e1nyait sz\u00fcl\u0151faluj\u00e1ban v\u00e9gezte, k\u00f6z\u00e9piskol\u00e1it egy k\u00f6zeli kisv\u00e1rosban, egyetemi tanulm\u00e1nyait el\u0151bb Gudzsar\u00e1t legnagyobb v\u00e1ros\u00e1ban, Ahmad\u00e1b\u00e1dban, majd pedig Bombayban v\u00e9gezte. Ezut\u00e1n k\u00f6z\u00e9piskolai majd egyetemi tan\u00e1rk\u00e9nt dolgozott. 1931-t\u0151l kezdve r\u00e9szt vett az indiai szabads\u00e1gmozgalomban, \u00e9s ebben az \u00e9vben jelent meg els\u0151 versesk\u00f6tete is. Gondolkd\u00e1sm\u00f3dj\u00e1ra \u00e9s tev\u00e9kenys\u00e9g\u00e9re [&hellip;]<\/p>\n","protected":false},"author":5,"featured_media":0,"parent":0,"menu_order":0,"comment_status":"closed","ping_status":"closed","template":"","meta":{"_et_pb_use_builder":"on","_et_pb_old_content":"<p style=\"text-align: justify;\"><a href=\"https:\/\/mibt.hu\/olvasosarok\/wp-content\/uploads\/sites\/5\/2015\/10\/umashankarjoshi-solo04.jpg\"><img class=\" wp-image-233 alignleft\" src=\"https:\/\/mibt.hu\/olvasosarok\/wp-content\/uploads\/sites\/5\/2015\/10\/umashankarjoshi-solo04-230x300.jpg\" alt=\"umashankarjoshi-solo04\" width=\"144\" height=\"188\" \/><\/a>A XX. sz\u00e1zadi gudzsar\u00e1ti irodalom egyik legkiemelked\u0151bb alakja. Elemi tanulm\u00e1nyait sz\u00fcl\u0151faluj\u00e1ban v\u00e9gezte, k\u00f6z\u00e9piskol\u00e1it egy k\u00f6zeli kisv\u00e1rosban, egyetemi tanulm\u00e1nyait el\u0151bb Gudzsar\u00e1t legnagyobb v\u00e1ros\u00e1ban, Ahmad\u00e1b\u00e1dban, majd pedig Bombayban v\u00e9gezte. Ezut\u00e1n k\u00f6z\u00e9piskolai majd egyetemi tan\u00e1rk\u00e9nt dolgozott. 1931-t\u0151l kezdve r\u00e9szt vett az indiai szabads\u00e1gmozgalomban, \u00e9s ebben az \u00e9vben jelent meg els\u0151 versesk\u00f6tete is. Gondolkd\u00e1sm\u00f3dj\u00e1ra \u00e9s tev\u00e9kenys\u00e9g\u00e9re \u00f3ri\u00e1si hat\u00e1ssal volt Mah\u00e1tm\u00e1 G\u00e1ndhi. A hatvanas \u00e9vek v\u00e9g\u00e9t\u0151l a Gudzsar\u00e1ti Egyetem rektora, majd az indiai Irodalmi Akad\u00e9mia eln\u00f6ke volt. 1970-76 k\u00f6z\u00f6tt orsz\u00e1ggy\u0171l\u00e9si k\u00e9pvisel\u0151.<\/p>","_et_gb_content_width":"","footnotes":""},"class_list":["post-232","page","type-page","status-publish","hentry"],"_links":{"self":[{"href":"https:\/\/mibt.hu\/olvasosarok\/wp-json\/wp\/v2\/pages\/232","targetHints":{"allow":["GET"]}}],"collection":[{"href":"https:\/\/mibt.hu\/olvasosarok\/wp-json\/wp\/v2\/pages"}],"about":[{"href":"https:\/\/mibt.hu\/olvasosarok\/wp-json\/wp\/v2\/types\/page"}],"author":[{"embeddable":true,"href":"https:\/\/mibt.hu\/olvasosarok\/wp-json\/wp\/v2\/users\/5"}],"replies":[{"embeddable":true,"href":"https:\/\/mibt.hu\/olvasosarok\/wp-json\/wp\/v2\/comments?post=232"}],"version-history":[{"count":9,"href":"https:\/\/mibt.hu\/olvasosarok\/wp-json\/wp\/v2\/pages\/232\/revisions"}],"predecessor-version":[{"id":1252,"href":"https:\/\/mibt.hu\/olvasosarok\/wp-json\/wp\/v2\/pages\/232\/revisions\/1252"}],"wp:attachment":[{"href":"https:\/\/mibt.hu\/olvasosarok\/wp-json\/wp\/v2\/media?parent=232"}],"curies":[{"name":"wp","href":"https:\/\/api.w.org\/{rel}","templated":true}]}}