{"id":211,"date":"2015-10-25T19:49:55","date_gmt":"2015-10-25T19:49:55","guid":{"rendered":"https:\/\/mibt.hu\/olvasosarok\/?page_id=211"},"modified":"2016-06-15T09:10:27","modified_gmt":"2016-06-15T09:10:27","slug":"najjar-maszud-1936","status":"publish","type":"page","link":"https:\/\/mibt.hu\/olvasosarok\/najjar-maszud-1936\/","title":{"rendered":"Najjar Masz\u00fad (1936\u2013)"},"content":{"rendered":"<p>[et_pb_section admin_label=&#8221;Szakasz&#8221; fullwidth=&#8221;on&#8221; specialty=&#8221;off&#8221;][et_pb_fullwidth_menu admin_label=&#8221;Teljes sz\u00e9less\u00e9g\u0171 men\u00fc&#8221; menu_id=&#8221;2&#8243; background_color=&#8221;#ffffff&#8221; background_layout=&#8221;light&#8221; text_orientation=&#8221;center&#8221; submenu_direction=&#8221;downwards&#8221; fullwidth_menu=&#8221;off&#8221; dropdown_menu_animation=&#8221;fade&#8221;] [\/et_pb_fullwidth_menu][\/et_pb_section][et_pb_section admin_label=&#8221;Szakasz&#8221; fullwidth=&#8221;off&#8221; specialty=&#8221;on&#8221;][et_pb_column type=&#8221;1_4&#8243;][et_pb_image admin_label=&#8221;K\u00e9p&#8221; src=&#8221;https:\/\/mibt.hu\/olvasosarok\/wp-content\/uploads\/sites\/5\/2015\/10\/naiyer-masud.jpg&#8221; show_in_lightbox=&#8221;off&#8221; url_new_window=&#8221;off&#8221; animation=&#8221;off&#8221; sticky=&#8221;off&#8221; align=&#8221;left&#8221; force_fullwidth=&#8221;off&#8221; always_center_on_mobile=&#8221;on&#8221; use_border_color=&#8221;off&#8221; border_color=&#8221;#ffffff&#8221; border_style=&#8221;solid&#8221;] [\/et_pb_image][\/et_pb_column][et_pb_column type=&#8221;3_4&#8243; specialty_columns=&#8221;3&#8243;][et_pb_row_inner admin_label=&#8221;Sor&#8221;][et_pb_column_inner type=&#8221;4_4&#8243; saved_specialty_column_type=&#8221;3_4&#8243;][et_pb_text admin_label=&#8221;Sz\u00f6veg&#8221; background_layout=&#8221;light&#8221; text_orientation=&#8221;left&#8221; text_font_size=&#8221;14&#8243; use_border_color=&#8221;off&#8221; border_color=&#8221;#ffffff&#8221; border_style=&#8221;solid&#8221;]<\/p>\n<h2 style=\"text-align: justify;\">Najjar Masz\u00fad (1936\u2013)<\/h2>\n<p style=\"text-align: justify;\"><del><\/del>Urd\u00fa novella\u00edr\u00f3, m\u0171ford\u00edt\u00f3, az urd\u00fa \u00e9s perzsa irodalom professzora. Lakhna\u00faban \u00e9l. 1987 \u00e9s 2008 k\u00f6z\u00f6tt n\u00e9gy novell\u00e1sk\u00f6tete jelent meg. Masz\u00fadot nem lehet besorolni az urd\u00fa irodalom egyik domin\u00e1ns ir\u00e1nyzat\u00e1ba sem. Novell\u00e1i legink\u00e1bb az \u00e1lmokra eml\u00e9keztetnek: nincs igaz\u00e1n sem kezdet\u00fck, sem v\u00e9g\u00fck. A cselekm\u00e9ny nem line\u00e1risan halad el\u0151re, hanem k\u00f6rk\u00f6r\u00f6sen, ahol a dinamik\u00e1t a rendk\u00edv\u00fcli precizit\u00e1ssal megv\u00e1lasztott szavak \u00e9s az ezek \u00e1ltal felid\u00e9zett k\u00e9pzetek \u00f6sszef\u00fcgg\u00e9sei biztos\u00edtj\u00e1k. Novell\u00e1iban az egyes elemek ugyan val\u00f3szer\u0171nek t\u0171nnek, az \u00f6sszhat\u00e1s viszont nem. Az \u00edr\u00f3t k\u00fcl\u00f6n\u00f6sen foglalkoztat\u00f3 gondolat, hogy valami v\u00e9g\u00e9rv\u00e9nyesen, visszavonhatatlanul elveszett. A <em>S\u00eds\u00e1-gh\u00e1t<\/em> el\u0151sz\u00f6r 1996-ban jelent meg a bangal\u00farui (Bangalore) <em>Saughat<\/em> c\u00edm\u0171 foly\u00f3iratban.<\/p>\n<p>[\/et_pb_text][et_pb_text admin_label=&#8221;Sz\u00f6veg&#8221; background_layout=&#8221;light&#8221; text_orientation=&#8221;left&#8221; text_font_size=&#8221;14&#8243; use_border_color=&#8221;off&#8221; border_color=&#8221;#ffffff&#8221; border_style=&#8221;solid&#8221;]<\/p>\n<h2>M\u0171veib\u0151l<\/h2>\n<p>[\/et_pb_text][et_pb_blog admin_label=&#8221;Blog-masz\u00fad&#8221; fullwidth=&#8221;on&#8221; include_categories=&#8221;24&#8243; show_thumbnail=&#8221;on&#8221; show_content=&#8221;on&#8221; show_more=&#8221;off&#8221; show_author=&#8221;off&#8221; show_date=&#8221;off&#8221; show_categories=&#8221;on&#8221; show_comments=&#8221;off&#8221; show_pagination=&#8221;on&#8221; offset_number=&#8221;0&#8243; background_layout=&#8221;light&#8221; use_dropshadow=&#8221;off&#8221; header_font_size=&#8221;18&#8243; meta_font_size=&#8221;14&#8243; body_font_size=&#8221;14&#8243; use_border_color=&#8221;off&#8221; border_color=&#8221;#ffffff&#8221; border_style=&#8221;solid&#8221;] [\/et_pb_blog][\/et_pb_column_inner][\/et_pb_row_inner][\/et_pb_column][\/et_pb_section]<\/p>\n","protected":false},"excerpt":{"rendered":"<p>Najjar Masz\u00fad (1936\u2013) Urd\u00fa novella\u00edr\u00f3, m\u0171ford\u00edt\u00f3, az urd\u00fa \u00e9s perzsa irodalom professzora. Lakhna\u00faban \u00e9l. 1987 \u00e9s 2008 k\u00f6z\u00f6tt n\u00e9gy novell\u00e1sk\u00f6tete jelent meg. Masz\u00fadot nem lehet besorolni az urd\u00fa irodalom egyik domin\u00e1ns ir\u00e1nyzat\u00e1ba sem. Novell\u00e1i legink\u00e1bb az \u00e1lmokra eml\u00e9keztetnek: nincs igaz\u00e1n sem kezdet\u00fck, sem v\u00e9g\u00fck. A cselekm\u00e9ny nem line\u00e1risan halad el\u0151re, hanem k\u00f6rk\u00f6r\u00f6sen, ahol a dinamik\u00e1t [&hellip;]<\/p>\n","protected":false},"author":5,"featured_media":0,"parent":0,"menu_order":0,"comment_status":"closed","ping_status":"closed","template":"","meta":{"_et_pb_use_builder":"on","_et_pb_old_content":"<p style=\"text-align: justify;\"><del><a href=\"https:\/\/mibt.hu\/olvasosarok\/wp-content\/uploads\/sites\/5\/2015\/10\/naiyer-masud.jpg\"><img class=\" wp-image-212 alignleft\" src=\"https:\/\/mibt.hu\/olvasosarok\/wp-content\/uploads\/sites\/5\/2015\/10\/naiyer-masud-200x300.jpg\" alt=\"naiyer-masud\" width=\"132\" height=\"198\" \/><\/a><\/del>Urd\u00fa novella\u00edr\u00f3, m\u0171ford\u00edt\u00f3, az urd\u00fa \u00e9s perzsa irodalom professzora. Lakhna\u00faban \u00e9l. 1987 \u00e9s 2008 k\u00f6z\u00f6tt n\u00e9gy novell\u00e1sk\u00f6tete jelent meg. Masz\u00fadot nem lehet besorolni az urd\u00fa irodalom egyik domin\u00e1ns ir\u00e1nyzat\u00e1ba sem. Novell\u00e1i legink\u00e1bb az \u00e1lmokra eml\u00e9keztetnek: nincs igaz\u00e1n sem kezdet\u00fck, sem v\u00e9g\u00fck. A cselekm\u00e9ny nem line\u00e1risan halad el\u0151re, hanem k\u00f6rk\u00f6r\u00f6sen, ahol a dinamik\u00e1t a rendk\u00edv\u00fcli precizit\u00e1ssal megv\u00e1lasztott szavak \u00e9s az ezek \u00e1ltal felid\u00e9zett k\u00e9pzetek \u00f6sszef\u00fcgg\u00e9sei biztos\u00edtj\u00e1k. Novell\u00e1iban az egyes elemek ugyan val\u00f3szer\u0171nek t\u0171nnek, az \u00f6sszhat\u00e1s viszont nem. Az \u00edr\u00f3t k\u00fcl\u00f6n\u00f6sen foglalkoztat\u00f3 gondolat, hogy valami v\u00e9g\u00e9rv\u00e9nyesen, visszavonhatatlanul elveszett. A <em>S\u00eds\u00e1-gh\u00e1t<\/em> el\u0151sz\u00f6r 1996-ban jelent meg a bangal\u00farui (Bangalore) <em>Saughat<\/em> c\u00edm\u0171 foly\u00f3iratban.<\/p>","_et_gb_content_width":"","footnotes":""},"class_list":["post-211","page","type-page","status-publish","hentry"],"_links":{"self":[{"href":"https:\/\/mibt.hu\/olvasosarok\/wp-json\/wp\/v2\/pages\/211","targetHints":{"allow":["GET"]}}],"collection":[{"href":"https:\/\/mibt.hu\/olvasosarok\/wp-json\/wp\/v2\/pages"}],"about":[{"href":"https:\/\/mibt.hu\/olvasosarok\/wp-json\/wp\/v2\/types\/page"}],"author":[{"embeddable":true,"href":"https:\/\/mibt.hu\/olvasosarok\/wp-json\/wp\/v2\/users\/5"}],"replies":[{"embeddable":true,"href":"https:\/\/mibt.hu\/olvasosarok\/wp-json\/wp\/v2\/comments?post=211"}],"version-history":[{"count":7,"href":"https:\/\/mibt.hu\/olvasosarok\/wp-json\/wp\/v2\/pages\/211\/revisions"}],"predecessor-version":[{"id":1237,"href":"https:\/\/mibt.hu\/olvasosarok\/wp-json\/wp\/v2\/pages\/211\/revisions\/1237"}],"wp:attachment":[{"href":"https:\/\/mibt.hu\/olvasosarok\/wp-json\/wp\/v2\/media?parent=211"}],"curies":[{"name":"wp","href":"https:\/\/api.w.org\/{rel}","templated":true}]}}