{"id":207,"date":"2015-10-25T19:46:06","date_gmt":"2015-10-25T19:46:06","guid":{"rendered":"https:\/\/mibt.hu\/olvasosarok\/?page_id=207"},"modified":"2016-06-15T09:10:11","modified_gmt":"2016-06-15T09:10:11","slug":"n-gopi","status":"publish","type":"page","link":"https:\/\/mibt.hu\/olvasosarok\/n-gopi\/","title":{"rendered":"N. G\u00f3pi"},"content":{"rendered":"<p>[et_pb_section admin_label=&#8221;Szakasz&#8221; fullwidth=&#8221;on&#8221; specialty=&#8221;off&#8221;][et_pb_fullwidth_menu admin_label=&#8221;Teljes sz\u00e9less\u00e9g\u0171 men\u00fc&#8221; menu_id=&#8221;2&#8243; background_color=&#8221;#ffffff&#8221; background_layout=&#8221;light&#8221; text_orientation=&#8221;center&#8221; submenu_direction=&#8221;downwards&#8221; fullwidth_menu=&#8221;off&#8221; dropdown_menu_animation=&#8221;fade&#8221;] [\/et_pb_fullwidth_menu][\/et_pb_section][et_pb_section admin_label=&#8221;Szakasz&#8221; fullwidth=&#8221;off&#8221; specialty=&#8221;on&#8221;][et_pb_column type=&#8221;1_4&#8243;][et_pb_image admin_label=&#8221;K\u00e9p&#8221; src=&#8221;https:\/\/mibt.hu\/olvasosarok\/wp-content\/uploads\/sites\/5\/2015\/10\/n-gopi.jpg&#8221; show_in_lightbox=&#8221;off&#8221; url_new_window=&#8221;off&#8221; animation=&#8221;off&#8221; sticky=&#8221;off&#8221; align=&#8221;left&#8221; force_fullwidth=&#8221;off&#8221; always_center_on_mobile=&#8221;on&#8221; use_border_color=&#8221;off&#8221; border_color=&#8221;#ffffff&#8221; border_style=&#8221;solid&#8221;] [\/et_pb_image][\/et_pb_column][et_pb_column type=&#8221;3_4&#8243; specialty_columns=&#8221;3&#8243;][et_pb_row_inner admin_label=&#8221;Sor&#8221;][et_pb_column_inner type=&#8221;4_4&#8243; saved_specialty_column_type=&#8221;3_4&#8243;][et_pb_text admin_label=&#8221;Sz\u00f6veg&#8221; background_layout=&#8221;light&#8221; text_orientation=&#8221;left&#8221; text_font_size=&#8221;14&#8243; use_border_color=&#8221;off&#8221; border_color=&#8221;#ffffff&#8221; border_style=&#8221;solid&#8221;]<\/p>\n<h2 style=\"text-align: justify;\">N. G\u00f3pi (1950-)<\/h2>\n<p style=\"text-align: justify;\">Telugu k\u00f6lt\u0151 \u00e9s irodalomt\u00f6rt\u00e9n\u00e9sz. 1950-ben sz\u00fcletett a dekk\u00e1ni Telang\u00e1na vid\u00e9k\u00e9n, \u00e9s jelenleg \u00c1ndhra Prad\u00e9s sz\u00f6vets\u00e9gi \u00e1llam f\u0151v\u00e1rosban, Hajdar\u00e1b\u00e1dban \u00e9l. N\u00e9h\u00e1ny \u00e9vig a hajdar\u00e1b\u00e1di Telugu Egyetem d\u00e9k\u00e1nja volt. Huszonn\u00e9gy k\u00f6nyv, k\u00f6zt\u00fck t\u00edz versesk\u00f6tet szerz\u0151je, \u00e9s az indiai Irodalmi Akad\u00e9mia kit\u00fcntetettje (2000).<\/p>\n<p style=\"text-align: justify;\">A <em>Dzsalag\u00edtam<\/em> \u201e\u00c9nek a v\u00edzr\u0151l\u201d c\u00edm\u0171 k\u00f6tete 2002-ben jelent meg, \u00e9s az\u00f3ta sz\u00e1mos indiai \u00e9s eur\u00f3pai nyelvre leford\u00edtott\u00e1k.<\/p>\n<p>[\/et_pb_text][et_pb_text admin_label=&#8221;Sz\u00f6veg&#8221; background_layout=&#8221;light&#8221; text_orientation=&#8221;left&#8221; text_font_size=&#8221;14&#8243; use_border_color=&#8221;off&#8221; border_color=&#8221;#ffffff&#8221; border_style=&#8221;solid&#8221;]<\/p>\n<h2>M\u0171veib\u0151l<\/h2>\n<p>[\/et_pb_text][et_pb_blog admin_label=&#8221;Blog&#8221; fullwidth=&#8221;on&#8221; include_categories=&#8221;23&#8243; show_thumbnail=&#8221;on&#8221; show_content=&#8221;on&#8221; show_more=&#8221;off&#8221; show_author=&#8221;off&#8221; show_date=&#8221;off&#8221; show_categories=&#8221;on&#8221; show_comments=&#8221;off&#8221; show_pagination=&#8221;off&#8221; offset_number=&#8221;0&#8243; background_layout=&#8221;light&#8221; use_dropshadow=&#8221;off&#8221; header_font_size=&#8221;18&#8243; meta_font_size=&#8221;14&#8243; body_font_size=&#8221;14&#8243; use_border_color=&#8221;off&#8221; border_color=&#8221;#ffffff&#8221; border_style=&#8221;solid&#8221;] [\/et_pb_blog][\/et_pb_column_inner][\/et_pb_row_inner][\/et_pb_column][\/et_pb_section]<\/p>\n","protected":false},"excerpt":{"rendered":"<p>N. G\u00f3pi (1950-) Telugu k\u00f6lt\u0151 \u00e9s irodalomt\u00f6rt\u00e9n\u00e9sz. 1950-ben sz\u00fcletett a dekk\u00e1ni Telang\u00e1na vid\u00e9k\u00e9n, \u00e9s jelenleg \u00c1ndhra Prad\u00e9s sz\u00f6vets\u00e9gi \u00e1llam f\u0151v\u00e1rosban, Hajdar\u00e1b\u00e1dban \u00e9l. N\u00e9h\u00e1ny \u00e9vig a hajdar\u00e1b\u00e1di Telugu Egyetem d\u00e9k\u00e1nja volt. Huszonn\u00e9gy k\u00f6nyv, k\u00f6zt\u00fck t\u00edz versesk\u00f6tet szerz\u0151je, \u00e9s az indiai Irodalmi Akad\u00e9mia kit\u00fcntetettje (2000). A Dzsalag\u00edtam \u201e\u00c9nek a v\u00edzr\u0151l\u201d c\u00edm\u0171 k\u00f6tete 2002-ben jelent meg, \u00e9s az\u00f3ta [&hellip;]<\/p>\n","protected":false},"author":5,"featured_media":0,"parent":0,"menu_order":0,"comment_status":"closed","ping_status":"closed","template":"","meta":{"_et_pb_use_builder":"on","_et_pb_old_content":"<p style=\"text-align: justify;\"><img class=\" wp-image-208 alignleft\" src=\"https:\/\/mibt.hu\/olvasosarok\/wp-content\/uploads\/sites\/5\/2015\/10\/n-gopi.jpg\" alt=\"n gopi\" width=\"130\" height=\"158\" \/>Telugu k\u00f6lt\u0151 \u00e9s irodalomt\u00f6rt\u00e9n\u00e9sz. 1950-ben sz\u00fcletett a dekk\u00e1ni Telang\u00e1na vid\u00e9k\u00e9n, \u00e9s jelenleg \u00c1ndhra Prad\u00e9s sz\u00f6vets\u00e9gi \u00e1llam f\u0151v\u00e1rosban, Hajdar\u00e1b\u00e1dban \u00e9l. N\u00e9h\u00e1ny \u00e9vig a hajdar\u00e1b\u00e1di Telugu Egyetem d\u00e9k\u00e1nja volt. Huszonn\u00e9gy k\u00f6nyv, k\u00f6zt\u00fck t\u00edz versesk\u00f6tet szerz\u0151je, \u00e9s az indiai Irodalmi Akad\u00e9mia kit\u00fcntetettje (2000).<\/p><p style=\"text-align: justify;\">A <em>Dzsalag\u00edtam<\/em> \u201e\u00c9nek a v\u00edzr\u0151l\u201d c\u00edm\u0171 k\u00f6tete 2002-ben jelent meg, \u00e9s az\u00f3ta sz\u00e1mos indiai \u00e9s eur\u00f3pai nyelvre leford\u00edtott\u00e1k.<\/p>","_et_gb_content_width":"","footnotes":""},"class_list":["post-207","page","type-page","status-publish","hentry"],"_links":{"self":[{"href":"https:\/\/mibt.hu\/olvasosarok\/wp-json\/wp\/v2\/pages\/207","targetHints":{"allow":["GET"]}}],"collection":[{"href":"https:\/\/mibt.hu\/olvasosarok\/wp-json\/wp\/v2\/pages"}],"about":[{"href":"https:\/\/mibt.hu\/olvasosarok\/wp-json\/wp\/v2\/types\/page"}],"author":[{"embeddable":true,"href":"https:\/\/mibt.hu\/olvasosarok\/wp-json\/wp\/v2\/users\/5"}],"replies":[{"embeddable":true,"href":"https:\/\/mibt.hu\/olvasosarok\/wp-json\/wp\/v2\/comments?post=207"}],"version-history":[{"count":9,"href":"https:\/\/mibt.hu\/olvasosarok\/wp-json\/wp\/v2\/pages\/207\/revisions"}],"predecessor-version":[{"id":1236,"href":"https:\/\/mibt.hu\/olvasosarok\/wp-json\/wp\/v2\/pages\/207\/revisions\/1236"}],"wp:attachment":[{"href":"https:\/\/mibt.hu\/olvasosarok\/wp-json\/wp\/v2\/media?parent=207"}],"curies":[{"name":"wp","href":"https:\/\/api.w.org\/{rel}","templated":true}]}}