{"id":203,"date":"2015-10-25T19:42:14","date_gmt":"2015-10-25T19:42:14","guid":{"rendered":"https:\/\/mibt.hu\/olvasosarok\/?page_id=203"},"modified":"2016-06-15T09:06:50","modified_gmt":"2016-06-15T09:06:50","slug":"intizar-huszain-1925","status":"publish","type":"page","link":"https:\/\/mibt.hu\/olvasosarok\/intizar-huszain-1925\/","title":{"rendered":"Intiz\u00e1r Huszain (1925\u2013)"},"content":{"rendered":"<p>[et_pb_section admin_label=&#8221;Szakasz&#8221; fullwidth=&#8221;on&#8221; specialty=&#8221;off&#8221;][et_pb_fullwidth_menu admin_label=&#8221;Teljes sz\u00e9less\u00e9g\u0171 men\u00fc&#8221; menu_id=&#8221;2&#8243; background_color=&#8221;#ffffff&#8221; background_layout=&#8221;light&#8221; text_orientation=&#8221;center&#8221; submenu_direction=&#8221;downwards&#8221; fullwidth_menu=&#8221;off&#8221; dropdown_menu_animation=&#8221;fade&#8221;] [\/et_pb_fullwidth_menu][\/et_pb_section][et_pb_section admin_label=&#8221;Szakasz&#8221; fullwidth=&#8221;off&#8221; specialty=&#8221;on&#8221;][et_pb_column type=&#8221;1_4&#8243;][et_pb_image admin_label=&#8221;K\u00e9p&#8221; src=&#8221;https:\/\/mibt.hu\/olvasosarok\/wp-content\/uploads\/sites\/5\/2015\/10\/large-Intizar-Husain.jpg&#8221; show_in_lightbox=&#8221;off&#8221; url_new_window=&#8221;off&#8221; animation=&#8221;off&#8221; sticky=&#8221;off&#8221; align=&#8221;left&#8221; force_fullwidth=&#8221;off&#8221; always_center_on_mobile=&#8221;on&#8221; use_border_color=&#8221;off&#8221; border_color=&#8221;#ffffff&#8221; border_style=&#8221;solid&#8221;] [\/et_pb_image][\/et_pb_column][et_pb_column type=&#8221;3_4&#8243; specialty_columns=&#8221;3&#8243;][et_pb_row_inner admin_label=&#8221;Sor&#8221;][et_pb_column_inner type=&#8221;4_4&#8243; saved_specialty_column_type=&#8221;3_4&#8243;][et_pb_text admin_label=&#8221;Sz\u00f6veg&#8221; background_layout=&#8221;light&#8221; text_orientation=&#8221;left&#8221; text_font_size=&#8221;14&#8243; use_border_color=&#8221;off&#8221; border_color=&#8221;#ffffff&#8221; border_style=&#8221;solid&#8221;]<\/p>\n<h2 style=\"text-align: justify;\">Intiz\u00e1r Huszain (1925\u2013)<\/h2>\n<p style=\"text-align: justify;\">A modern urd\u00fa novella egyik megteremt\u0151je. B\u00e1r a mai Indi\u00e1ban sz\u00fcletett, Pakiszt\u00e1n k\u00fcl\u00f6nv\u00e1l\u00e1sa ut\u00e1n L\u00e1haurba (angolosan <em>Lahore<\/em>) k\u00f6lt\u00f6z\u00f6tt. \u00cdr\u00e1sainak jellegzetesen archaiz\u00e1l\u00f3 nyelvezete elemi er\u0151vel id\u00e9zi meg az elm\u00falt \u00e9vsz\u00e1zadok gyakran m\u00e9g ma is \u00e9l\u0151 d\u00e9l-\u00e1zsiai iszl\u00e1m hagyom\u00e1ny\u00e1t, az eur\u00f3pai \u00edr\u00f3k k\u00f6z\u00fcl m\u00e9gis Kafka, Beckett \u00e9s Ionescu gyakorolt\u00e1k r\u00e1 a legnagyobb hat\u00e1st. Huszain er\u0151teljes nyelvezete \u00e9s \u00edr\u00e1sainak m\u00e1gikuma el\u0151revet\u00edti az ugyancsak indo-muszlim h\u00e1tter\u0171 Salman Rushdie m\u0171veit. Legt\u00f6bbet t\u00e1rgyalt reg\u00e9nye, <em>A telep\u00fcl\u00e9s<\/em> (Baszt\u00ed, 1979) az \u00edr\u00f3 gyermekkor\u00e1t \u00e9s a Pakiszt\u00e1nba val\u00f3 \u00e1ttelep\u00fcl\u00e9s okozta t\u00f6r\u00e9st \u00edrja le, mik\u00f6zben gyakran id\u00e9zi a helyi sz\u00e1jhagyom\u00e1nyokat, a hindu \u00e9s a muszlim m\u00edtoszokat, \u00e9s az indo-muszlim t\u00f6rt\u00e9nelmet.<\/p>\n<p>[\/et_pb_text][et_pb_text admin_label=&#8221;Sz\u00f6veg&#8221; background_layout=&#8221;light&#8221; text_orientation=&#8221;left&#8221; text_font_size=&#8221;14&#8243; use_border_color=&#8221;off&#8221; border_color=&#8221;#ffffff&#8221; border_style=&#8221;solid&#8221;]<\/p>\n<h2>M\u0171veib\u0151l<\/h2>\n<p>[\/et_pb_text][et_pb_blog admin_label=&#8221;Blog-Intiz\u00e1r Huszain &#8221; fullwidth=&#8221;on&#8221; show_thumbnail=&#8221;on&#8221; show_content=&#8221;on&#8221; show_more=&#8221;off&#8221; show_author=&#8221;off&#8221; show_date=&#8221;off&#8221; show_categories=&#8221;on&#8221; show_comments=&#8221;off&#8221; show_pagination=&#8221;off&#8221; offset_number=&#8221;0&#8243; background_layout=&#8221;light&#8221; use_dropshadow=&#8221;off&#8221; header_font_size=&#8221;18&#8243; meta_font_size=&#8221;14&#8243; body_font_size=&#8221;14&#8243; use_border_color=&#8221;off&#8221; border_color=&#8221;#ffffff&#8221; border_style=&#8221;solid&#8221; include_categories=&#8221;19&#8243;] [\/et_pb_blog][\/et_pb_column_inner][\/et_pb_row_inner][\/et_pb_column][\/et_pb_section]<\/p>\n","protected":false},"excerpt":{"rendered":"<p>Intiz\u00e1r Huszain (1925\u2013) A modern urd\u00fa novella egyik megteremt\u0151je. B\u00e1r a mai Indi\u00e1ban sz\u00fcletett, Pakiszt\u00e1n k\u00fcl\u00f6nv\u00e1l\u00e1sa ut\u00e1n L\u00e1haurba (angolosan Lahore) k\u00f6lt\u00f6z\u00f6tt. \u00cdr\u00e1sainak jellegzetesen archaiz\u00e1l\u00f3 nyelvezete elemi er\u0151vel id\u00e9zi meg az elm\u00falt \u00e9vsz\u00e1zadok gyakran m\u00e9g ma is \u00e9l\u0151 d\u00e9l-\u00e1zsiai iszl\u00e1m hagyom\u00e1ny\u00e1t, az eur\u00f3pai \u00edr\u00f3k k\u00f6z\u00fcl m\u00e9gis Kafka, Beckett \u00e9s Ionescu gyakorolt\u00e1k r\u00e1 a legnagyobb hat\u00e1st. Huszain [&hellip;]<\/p>\n","protected":false},"author":5,"featured_media":0,"parent":0,"menu_order":0,"comment_status":"closed","ping_status":"closed","template":"","meta":{"_et_pb_use_builder":"on","_et_pb_old_content":"<p style=\"text-align: justify;\"><a href=\"https:\/\/mibt.hu\/olvasosarok\/wp-content\/uploads\/sites\/5\/2015\/10\/large-Intizar-Husain.jpg\"><img class=\" wp-image-204 alignleft\" src=\"https:\/\/mibt.hu\/olvasosarok\/wp-content\/uploads\/sites\/5\/2015\/10\/large-Intizar-Husain-300x203.jpg\" alt=\"large-Intizar Husain\" width=\"249\" height=\"168\" \/><\/a>A modern urd\u00fa novella egyik megteremt\u0151je. B\u00e1r a mai Indi\u00e1ban sz\u00fcletett, Pakiszt\u00e1n k\u00fcl\u00f6nv\u00e1l\u00e1sa ut\u00e1n L\u00e1haurba (angolosan <em>Lahore<\/em>) k\u00f6lt\u00f6z\u00f6tt. \u00cdr\u00e1sainak jellegzetesen archaiz\u00e1l\u00f3 nyelvezete elemi er\u0151vel id\u00e9zi meg az elm\u00falt \u00e9vsz\u00e1zadok gyakran m\u00e9g ma is \u00e9l\u0151 d\u00e9l-\u00e1zsiai iszl\u00e1m hagyom\u00e1ny\u00e1t, az eur\u00f3pai \u00edr\u00f3k k\u00f6z\u00fcl m\u00e9gis Kafka, Beckett \u00e9s Ionescu gyakorolt\u00e1k r\u00e1 a legnagyobb hat\u00e1st. Huszain er\u0151teljes nyelvezete \u00e9s \u00edr\u00e1sainak m\u00e1gikuma el\u0151revet\u00edti az ugyancsak indo-muszlim h\u00e1tter\u0171 Salman Rushdie m\u0171veit. Legt\u00f6bbet t\u00e1rgyalt reg\u00e9nye, <em>A telep\u00fcl\u00e9s<\/em> (Baszt\u00ed, 1979) az \u00edr\u00f3 gyermekkor\u00e1t \u00e9s a Pakiszt\u00e1nba val\u00f3 \u00e1ttelep\u00fcl\u00e9s okozta t\u00f6r\u00e9st \u00edrja le, mik\u00f6zben gyakran id\u00e9zi a helyi sz\u00e1jhagyom\u00e1nyokat, a hindu \u00e9s a muszlim m\u00edtoszokat, \u00e9s az indo-muszlim t\u00f6rt\u00e9nelmet.<\/p>","_et_gb_content_width":"","footnotes":""},"class_list":["post-203","page","type-page","status-publish","hentry"],"_links":{"self":[{"href":"https:\/\/mibt.hu\/olvasosarok\/wp-json\/wp\/v2\/pages\/203","targetHints":{"allow":["GET"]}}],"collection":[{"href":"https:\/\/mibt.hu\/olvasosarok\/wp-json\/wp\/v2\/pages"}],"about":[{"href":"https:\/\/mibt.hu\/olvasosarok\/wp-json\/wp\/v2\/types\/page"}],"author":[{"embeddable":true,"href":"https:\/\/mibt.hu\/olvasosarok\/wp-json\/wp\/v2\/users\/5"}],"replies":[{"embeddable":true,"href":"https:\/\/mibt.hu\/olvasosarok\/wp-json\/wp\/v2\/comments?post=203"}],"version-history":[{"count":7,"href":"https:\/\/mibt.hu\/olvasosarok\/wp-json\/wp\/v2\/pages\/203\/revisions"}],"predecessor-version":[{"id":1228,"href":"https:\/\/mibt.hu\/olvasosarok\/wp-json\/wp\/v2\/pages\/203\/revisions\/1228"}],"wp:attachment":[{"href":"https:\/\/mibt.hu\/olvasosarok\/wp-json\/wp\/v2\/media?parent=203"}],"curies":[{"name":"wp","href":"https:\/\/api.w.org\/{rel}","templated":true}]}}

Intizár Huszain (1925–)

<p>[et_pb_section admin_label=&#8221;Szakasz&#8221; fullwidth=&#8221;on&#8221; specialty=&#8221;off&#8221;][et_pb_fullwidth_menu admin_label=&#8221;Teljes szélességű menü&#8221; menu_id=&#8221;2&#8243; background_color=&#8221;#ffffff&#8221; background_layout=&#8221;light&#8221; text_orientation=&#8221;center&#8221; submenu_direction=&#8221;downwards&#8221; fullwidth_menu=&#8221;off&#8221; dropdown_menu_animation=&#8221;fade&#8221;] [/et_pb_fullwidth_menu][/et_pb_section][et_pb_section admin_label=&#8221;Szakasz&#8221; fullwidth=&#8221;off&#8221; specialty=&#8221;on&#8221;][et_pb_column type=&#8221;1_4&#8243;][et_pb_image admin_label=&#8221;Kép&#8221; src=&#8221;https://mibt.hu/olvasosarok/wp-content/uploads/sites/5/2015/10/large-Intizar-Husain.jpg&#8221; show_in_lightbox=&#8221;off&#8221; url_new_window=&#8221;off&#8221; animation=&#8221;off&#8221; sticky=&#8221;off&#8221; align=&#8221;left&#8221; force_fullwidth=&#8221;off&#8221; always_center_on_mobile=&#8221;on&#8221; use_border_color=&#8221;off&#8221; border_color=&#8221;#ffffff&#8221; border_style=&#8221;solid&#8221;] [/et_pb_image][/et_pb_column][et_pb_column type=&#8221;3_4&#8243; specialty_columns=&#8221;3&#8243;][et_pb_row_inner admin_label=&#8221;Sor&#8221;][et_pb_column_inner type=&#8221;4_4&#8243; saved_specialty_column_type=&#8221;3_4&#8243;][et_pb_text admin_label=&#8221;Szöveg&#8221; background_layout=&#8221;light&#8221; text_orientation=&#8221;left&#8221; text_font_size=&#8221;14&#8243; use_border_color=&#8221;off&#8221; border_color=&#8221;#ffffff&#8221; border_style=&#8221;solid&#8221;]</p>
<h2 style="text-align: justify;">Intizár Huszain (1925–)</h2>
<p style="text-align: justify;">A modern urdú novella egyik megteremtője. Bár a mai Indiában született, Pakisztán különválása után Láhaurba (angolosan <em>Lahore</em>) költözött. Írásainak jellegzetesen archaizáló nyelvezete elemi erővel idézi meg az elmúlt évszázadok gyakran még ma is élő dél-ázsiai iszlám hagyományát, az európai írók közül mégis Kafka, Beckett és Ionescu gyakorolták rá a legnagyobb hatást. Huszain erőteljes nyelvezete és írásainak mágikuma előrevetíti az ugyancsak indo-muszlim hátterű Salman Rushdie műveit. Legtöbbet tárgyalt regénye, <em>A település</em> (Basztí, 1979) az író gyermekkorát és a Pakisztánba való áttelepülés okozta törést írja le, miközben gyakran idézi a helyi szájhagyományokat, a hindu és a muszlim mítoszokat, és az indo-muszlim történelmet.</p>
<p>[/et_pb_text][et_pb_text admin_label=&#8221;Szöveg&#8221; background_layout=&#8221;light&#8221; text_orientation=&#8221;left&#8221; text_font_size=&#8221;14&#8243; use_border_color=&#8221;off&#8221; border_color=&#8221;#ffffff&#8221; border_style=&#8221;solid&#8221;]</p>
<h2>Műveiből</h2>
<p>[/et_pb_text][et_pb_blog admin_label=&#8221;Blog-Intizár Huszain &#8221; fullwidth=&#8221;on&#8221; show_thumbnail=&#8221;on&#8221; show_content=&#8221;on&#8221; show_more=&#8221;off&#8221; show_author=&#8221;off&#8221; show_date=&#8221;off&#8221; show_categories=&#8221;on&#8221; show_comments=&#8221;off&#8221; show_pagination=&#8221;off&#8221; offset_number=&#8221;0&#8243; background_layout=&#8221;light&#8221; use_dropshadow=&#8221;off&#8221; header_font_size=&#8221;18&#8243; meta_font_size=&#8221;14&#8243; body_font_size=&#8221;14&#8243; use_border_color=&#8221;off&#8221; border_color=&#8221;#ffffff&#8221; border_style=&#8221;solid&#8221; include_categories=&#8221;19&#8243;] [/et_pb_blog][/et_pb_column_inner][/et_pb_row_inner][/et_pb_column][/et_pb_section]</p>

<p>Intizár Huszain (1925–) A modern urdú novella egyik megteremtője. Bár a mai Indiában született, Pakisztán különválása után Láhaurba (angolosan Lahore) költözött. Írásainak jellegzetesen archaizáló nyelvezete elemi erővel idézi meg az elmúlt évszázadok gyakran még ma is élő dél-ázsiai iszlám hagyományát, az európai írók közül mégis Kafka, Beckett és Ionescu gyakorolták rá a legnagyobb hatást. Huszain [&hellip;]</p>

<p style="text-align: justify;"><a href="https://mibt.hu/olvasosarok/wp-content/uploads/sites/5/2015/10/large-Intizar-Husain.jpg"><img class=" wp-image-204 alignleft" src="https://mibt.hu/olvasosarok/wp-content/uploads/sites/5/2015/10/large-Intizar-Husain-300x203.jpg" alt="large-Intizar Husain" width="249" height="168" /></a>A modern urdú novella egyik megteremtője. Bár a mai Indiában született, Pakisztán különválása után Láhaurba (angolosan <em>Lahore</em>) költözött. Írásainak jellegzetesen archaizáló nyelvezete elemi erővel idézi meg az elmúlt évszázadok gyakran még ma is élő dél-ázsiai iszlám hagyományát, az európai írók közül mégis Kafka, Beckett és Ionescu gyakorolták rá a legnagyobb hatást. Huszain erőteljes nyelvezete és írásainak mágikuma előrevetíti az ugyancsak indo-muszlim hátterű Salman Rushdie műveit. Legtöbbet tárgyalt regénye, <em>A település</em> (Basztí, 1979) az író gyermekkorát és a Pakisztánba való áttelepülés okozta törést írja le, miközben gyakran idézi a helyi szájhagyományokat, a hindu és a muszlim mítoszokat, és az indo-muszlim történelmet.</p>
