{"id":199,"date":"2015-10-25T19:37:45","date_gmt":"2015-10-25T19:37:45","guid":{"rendered":"https:\/\/mibt.hu\/olvasosarok\/?page_id=199"},"modified":"2016-06-15T09:06:30","modified_gmt":"2016-06-15T09:06:30","slug":"harisankar-parszai-1924-1995","status":"publish","type":"page","link":"https:\/\/mibt.hu\/olvasosarok\/harisankar-parszai-1924-1995\/","title":{"rendered":"Harisankar Parsz\u00e1\u00ed (1924-1995)"},"content":{"rendered":"<p>[et_pb_section admin_label=&#8221;Szakasz&#8221; fullwidth=&#8221;on&#8221; specialty=&#8221;off&#8221;][et_pb_fullwidth_menu admin_label=&#8221;Teljes sz\u00e9less\u00e9g\u0171 men\u00fc&#8221; menu_id=&#8221;2&#8243; background_color=&#8221;#ffffff&#8221; background_layout=&#8221;light&#8221; text_orientation=&#8221;center&#8221; submenu_direction=&#8221;downwards&#8221; fullwidth_menu=&#8221;off&#8221; dropdown_menu_animation=&#8221;fade&#8221;] [\/et_pb_fullwidth_menu][\/et_pb_section][et_pb_section admin_label=&#8221;Szakasz&#8221; fullwidth=&#8221;off&#8221; specialty=&#8221;on&#8221;][et_pb_column type=&#8221;1_4&#8243;][et_pb_image admin_label=&#8221;K\u00e9p&#8221; src=&#8221;https:\/\/mibt.hu\/olvasosarok\/wp-content\/uploads\/sites\/5\/2015\/10\/harishankar-parsai.jpg&#8221; show_in_lightbox=&#8221;off&#8221; url_new_window=&#8221;off&#8221; animation=&#8221;off&#8221; sticky=&#8221;off&#8221; align=&#8221;left&#8221; force_fullwidth=&#8221;off&#8221; always_center_on_mobile=&#8221;on&#8221; use_border_color=&#8221;off&#8221; border_color=&#8221;#ffffff&#8221; border_style=&#8221;solid&#8221;] [\/et_pb_image][\/et_pb_column][et_pb_column type=&#8221;3_4&#8243; specialty_columns=&#8221;3&#8243;][et_pb_row_inner admin_label=&#8221;Sor&#8221;][et_pb_column_inner type=&#8221;4_4&#8243; saved_specialty_column_type=&#8221;3_4&#8243;][et_pb_text admin_label=&#8221;Sz\u00f6veg&#8221; background_layout=&#8221;light&#8221; text_orientation=&#8221;left&#8221; text_font_size=&#8221;14&#8243; use_border_color=&#8221;off&#8221; border_color=&#8221;#ffffff&#8221; border_style=&#8221;solid&#8221;]<\/p>\n<h2 style=\"text-align: justify;\">Harisankar Parsz\u00e1\u00ed (1924-1995)<\/h2>\n<p style=\"text-align: justify;\">A hindi szat\u00edra megteremt\u0151je a f\u0151v\u00e1rost\u00f3l t\u00e1voli, \u00f3ri\u00e1si m\u00e9ret\u0171 k\u00f6z\u00e9p-indiai vall\u00e1sos \u00e9s adminisztr\u00e1ci\u00f3s k\u00f6zpontban, Dzsabalpurban \u00e9lt, amely a s\u00falyosan b\u00fcrokratiz\u00e1lt India legt\u00f6bb k\u00f6zalkalmazottat foglalkoztat\u00f3 v\u00e1rosa. Parsz\u00e1i tizennyolc \u00e9vesen az \u00c1llami Erd\u00e9szeti Hivataln\u00e1l v\u00e1llalt munk\u00e1t, majd az angol magisztr\u00e1tus elv\u00e9gz\u00e9se ut\u00e1n tizen\u00f6t \u00e9vig tan\u00e1rk\u00e9nt dolgozott k\u00fcl\u00f6nb\u00f6z\u0151 \u00e1llami \u00e9s mag\u00e1niskol\u00e1kban. Ezut\u00e1n \u00fajs\u00e1g\u00edr\u00e1sb\u00f3l, lapszerkeszt\u00e9sb\u0151l \u00e9s sz\u00e9pirodalmi tev\u00e9kenys\u00e9g\u00e9b\u0151l igyekezett meg\u00e9lni. A helyi <em>D\u00e9sbandhu<\/em> foly\u00f3iratban megjelen\u0151 \u201eK\u00e9rdezze meg Parsz\u00e1it\u201d rovata legend\u00e1ss\u00e1 n\u0151tt. A kezdetben szerelmi k\u00e9rd\u00e9sekre \u00e9s filmekre vonatkoz\u00f3, sz\u00f3rakoztat\u00f3 rovat a t\u00e1rsadalmi probl\u00e9m\u00e1k megvitat\u00e1s\u00e1nak saj\u00e1tos f\u00f3rum\u00e1v\u00e1 v\u00e1lt. Parsz\u00e1i emelte a k\u00f6nnyed indiai humoros irodalmat a t\u00e1rsadalmi szat\u00edra szintj\u00e9re. Egyszer\u0171, k\u00f6zvetlen st\u00edlusa, \u00e9letszer\u0171 p\u00e1rbesz\u00e9dei \u00e9s karakter\u00e1br\u00e1zol\u00e1sa \u2013 fantasztikummal keverve \u2013 nagyszer\u0171 irodalmi k\u00f6zeg, amelyben gyakran abszurd szem\u00e9lyes tapasztalatok jelennek meg.<\/p>\n<p>[\/et_pb_text][et_pb_text admin_label=&#8221;Sz\u00f6veg&#8221; background_layout=&#8221;light&#8221; text_orientation=&#8221;left&#8221; text_font_size=&#8221;14&#8243; use_border_color=&#8221;off&#8221; border_color=&#8221;#ffffff&#8221; border_style=&#8221;solid&#8221;]<\/p>\n<h2>M\u0171veib\u0151l<\/h2>\n<p>[\/et_pb_text][et_pb_blog admin_label=&#8221;Blog- Parsz\u00e1\u00ed&#8221; fullwidth=&#8221;on&#8221; show_thumbnail=&#8221;on&#8221; show_content=&#8221;on&#8221; show_more=&#8221;off&#8221; show_author=&#8221;off&#8221; show_date=&#8221;off&#8221; show_categories=&#8221;on&#8221; show_comments=&#8221;off&#8221; show_pagination=&#8221;off&#8221; offset_number=&#8221;0&#8243; background_layout=&#8221;light&#8221; use_dropshadow=&#8221;off&#8221; header_font_size=&#8221;18&#8243; meta_font_size=&#8221;14&#8243; body_font_size=&#8221;14&#8243; use_border_color=&#8221;off&#8221; border_color=&#8221;#ffffff&#8221; border_style=&#8221;solid&#8221; include_categories=&#8221;18&#8243;] [\/et_pb_blog][\/et_pb_column_inner][\/et_pb_row_inner][\/et_pb_column][\/et_pb_section]<\/p>\n","protected":false},"excerpt":{"rendered":"<p>Harisankar Parsz\u00e1\u00ed (1924-1995) A hindi szat\u00edra megteremt\u0151je a f\u0151v\u00e1rost\u00f3l t\u00e1voli, \u00f3ri\u00e1si m\u00e9ret\u0171 k\u00f6z\u00e9p-indiai vall\u00e1sos \u00e9s adminisztr\u00e1ci\u00f3s k\u00f6zpontban, Dzsabalpurban \u00e9lt, amely a s\u00falyosan b\u00fcrokratiz\u00e1lt India legt\u00f6bb k\u00f6zalkalmazottat foglalkoztat\u00f3 v\u00e1rosa. Parsz\u00e1i tizennyolc \u00e9vesen az \u00c1llami Erd\u00e9szeti Hivataln\u00e1l v\u00e1llalt munk\u00e1t, majd az angol magisztr\u00e1tus elv\u00e9gz\u00e9se ut\u00e1n tizen\u00f6t \u00e9vig tan\u00e1rk\u00e9nt dolgozott k\u00fcl\u00f6nb\u00f6z\u0151 \u00e1llami \u00e9s mag\u00e1niskol\u00e1kban. Ezut\u00e1n \u00fajs\u00e1g\u00edr\u00e1sb\u00f3l, lapszerkeszt\u00e9sb\u0151l \u00e9s [&hellip;]<\/p>\n","protected":false},"author":5,"featured_media":0,"parent":0,"menu_order":0,"comment_status":"closed","ping_status":"closed","template":"","meta":{"_et_pb_use_builder":"on","_et_pb_old_content":"<p style=\"text-align: justify;\"><a href=\"https:\/\/mibt.hu\/olvasosarok\/wp-content\/uploads\/sites\/5\/2015\/10\/harishankar-parsai.jpg\"><img class=\"size-full wp-image-200 alignleft\" src=\"https:\/\/mibt.hu\/olvasosarok\/wp-content\/uploads\/sites\/5\/2015\/10\/harishankar-parsai.jpg\" alt=\"harishankar parsai\" width=\"192\" height=\"263\" \/><\/a>A hindi szat\u00edra megteremt\u0151je a f\u0151v\u00e1rost\u00f3l t\u00e1voli, \u00f3ri\u00e1si m\u00e9ret\u0171 k\u00f6z\u00e9p-indiai vall\u00e1sos \u00e9s adminisztr\u00e1ci\u00f3s k\u00f6zpontban, Dzsabalpurban \u00e9lt, amely a s\u00falyosan b\u00fcrokratiz\u00e1lt India legt\u00f6bb k\u00f6zalkalmazottat foglalkoztat\u00f3 v\u00e1rosa. Parsz\u00e1i tizennyolc \u00e9vesen az \u00c1llami Erd\u00e9szeti Hivataln\u00e1l v\u00e1llalt munk\u00e1t, majd az angol magisztr\u00e1tus elv\u00e9gz\u00e9se ut\u00e1n tizen\u00f6t \u00e9vig tan\u00e1rk\u00e9nt dolgozott k\u00fcl\u00f6nb\u00f6z\u0151 \u00e1llami \u00e9s mag\u00e1niskol\u00e1kban. Ezut\u00e1n \u00fajs\u00e1g\u00edr\u00e1sb\u00f3l, lapszerkeszt\u00e9sb\u0151l \u00e9s sz\u00e9pirodalmi tev\u00e9kenys\u00e9g\u00e9b\u0151l igyekezett meg\u00e9lni. A helyi <em>D\u00e9sbandhu<\/em> foly\u00f3iratban megjelen\u0151 \u201eK\u00e9rdezze meg Parsz\u00e1it\u201d rovata legend\u00e1ss\u00e1 n\u0151tt. A kezdetben szerelmi k\u00e9rd\u00e9sekre \u00e9s filmekre vonatkoz\u00f3, sz\u00f3rakoztat\u00f3 rovat a t\u00e1rsadalmi probl\u00e9m\u00e1k megvitat\u00e1s\u00e1nak saj\u00e1tos f\u00f3rum\u00e1v\u00e1 v\u00e1lt. Parsz\u00e1i emelte a k\u00f6nnyed indiai humoros irodalmat a t\u00e1rsadalmi szat\u00edra szintj\u00e9re. Egyszer\u0171, k\u00f6zvetlen st\u00edlusa, \u00e9letszer\u0171 p\u00e1rbesz\u00e9dei \u00e9s karakter\u00e1br\u00e1zol\u00e1sa \u2013 fantasztikummal keverve \u2013 nagyszer\u0171 irodalmi k\u00f6zeg, amelyben gyakran abszurd szem\u00e9lyes tapasztalatok jelennek meg.<\/p>","_et_gb_content_width":"","footnotes":""},"class_list":["post-199","page","type-page","status-publish","hentry"],"_links":{"self":[{"href":"https:\/\/mibt.hu\/olvasosarok\/wp-json\/wp\/v2\/pages\/199","targetHints":{"allow":["GET"]}}],"collection":[{"href":"https:\/\/mibt.hu\/olvasosarok\/wp-json\/wp\/v2\/pages"}],"about":[{"href":"https:\/\/mibt.hu\/olvasosarok\/wp-json\/wp\/v2\/types\/page"}],"author":[{"embeddable":true,"href":"https:\/\/mibt.hu\/olvasosarok\/wp-json\/wp\/v2\/users\/5"}],"replies":[{"embeddable":true,"href":"https:\/\/mibt.hu\/olvasosarok\/wp-json\/wp\/v2\/comments?post=199"}],"version-history":[{"count":9,"href":"https:\/\/mibt.hu\/olvasosarok\/wp-json\/wp\/v2\/pages\/199\/revisions"}],"predecessor-version":[{"id":1227,"href":"https:\/\/mibt.hu\/olvasosarok\/wp-json\/wp\/v2\/pages\/199\/revisions\/1227"}],"wp:attachment":[{"href":"https:\/\/mibt.hu\/olvasosarok\/wp-json\/wp\/v2\/media?parent=199"}],"curies":[{"name":"wp","href":"https:\/\/api.w.org\/{rel}","templated":true}]}}