{"id":193,"date":"2015-10-25T19:30:42","date_gmt":"2015-10-25T19:30:42","guid":{"rendered":"https:\/\/mibt.hu\/olvasosarok\/?page_id=193"},"modified":"2016-06-15T09:05:38","modified_gmt":"2016-06-15T09:05:38","slug":"bhupi-sercsan-1936-1989","status":"publish","type":"page","link":"https:\/\/mibt.hu\/olvasosarok\/bhupi-sercsan-1936-1989\/","title":{"rendered":"Bh\u00fapi S\u00e9rcsan (1936\u20131989)"},"content":{"rendered":"<p>[et_pb_section admin_label=&#8221;Szakasz&#8221; fullwidth=&#8221;on&#8221; specialty=&#8221;off&#8221;][et_pb_fullwidth_menu admin_label=&#8221;Teljes sz\u00e9less\u00e9g\u0171 men\u00fc&#8221; menu_id=&#8221;2&#8243; background_color=&#8221;#ffffff&#8221; background_layout=&#8221;light&#8221; text_orientation=&#8221;center&#8221; submenu_direction=&#8221;downwards&#8221; fullwidth_menu=&#8221;off&#8221; dropdown_menu_animation=&#8221;fade&#8221;] [\/et_pb_fullwidth_menu][\/et_pb_section][et_pb_section admin_label=&#8221;Szakasz&#8221; fullwidth=&#8221;off&#8221; specialty=&#8221;on&#8221;][et_pb_column type=&#8221;1_4&#8243;][et_pb_image admin_label=&#8221;K\u00e9p&#8221; src=&#8221;https:\/\/mibt.hu\/olvasosarok\/wp-content\/uploads\/sites\/5\/2015\/10\/bhupi-sherchan-1.jpg&#8221; show_in_lightbox=&#8221;off&#8221; url_new_window=&#8221;off&#8221; animation=&#8221;off&#8221; sticky=&#8221;off&#8221; align=&#8221;left&#8221; force_fullwidth=&#8221;off&#8221; always_center_on_mobile=&#8221;on&#8221; use_border_color=&#8221;off&#8221; border_color=&#8221;#ffffff&#8221; border_style=&#8221;solid&#8221;] [\/et_pb_image][\/et_pb_column][et_pb_column type=&#8221;3_4&#8243; specialty_columns=&#8221;3&#8243;][et_pb_row_inner admin_label=&#8221;Sor&#8221;][et_pb_column_inner type=&#8221;4_4&#8243; saved_specialty_column_type=&#8221;3_4&#8243;][et_pb_text admin_label=&#8221;Sz\u00f6veg&#8221; background_layout=&#8221;light&#8221; text_orientation=&#8221;left&#8221; text_font_size=&#8221;14&#8243; use_border_color=&#8221;off&#8221; border_color=&#8221;#ffffff&#8221; border_style=&#8221;solid&#8221;]<\/p>\n<h2>Bh\u00fapi S\u00e9rcsan<\/h2>\n<p style=\"text-align: justify;\">Nep\u00e1l Tibettel hat\u00e1ros, \u00e9s a tibeti kult\u00far\u00e1hoz k\u00f6t\u0151d\u0151 Muszt\u00e1ng tartom\u00e1ny\u00e1ban gazdag keresked\u0151csal\u00e1dban sz\u00fcletett, majd India egyik legkiemelked\u0151bb hagyom\u00e1nyos kult\u00fark\u00f6zpontj\u00e1ban, Ben\u00e1reszben tanult. Perif\u00e9rikus sz\u00e1rmaz\u00e1sa \u00e9s k\u00fclf\u00f6ldi tanulm\u00e1nyai ellen\u00e9re S\u00e9rcsant a nep\u00e1li hazaszeretet egyik legnagyobb k\u00f6lt\u0151j\u00e9nek tekintik. Indiai tanulm\u00e1nyai sor\u00e1n k\u00f6zel ker\u00fclt a kommunizmushoz, els\u0151 k\u00f6teteit m\u00e9g ez az eszmerendszer hatja \u00e1t. Mint lapsz\u00e1munk t\u00f6bb szerz\u0151je, \u0151 is megj\u00e1rta a b\u00f6rt\u00f6nt, majd k\u00e9s\u0151bb magas \u00e1llami kit\u00fcntet\u00e9sben r\u00e9szes\u00fclt. Kenyer\u00e9t nem f\u0151\u00e1ll\u00e1s\u00fa \u00edr\u00f3k\u00e9nt, hanem a csal\u00e1di v\u00e1llalkoz\u00e1s ir\u00e1ny\u00edt\u00f3jak\u00e9nt, \u00e9s \u00e9p\u00edt\u00e9si v\u00e1llalkoz\u00f3k\u00e9nt kereste. A hatvanas \u00e9vekben ki\u00e1br\u00e1ndult az izmusokb\u00f3l, 1969-ben megjelent pr\u00f3zavers-k\u00f6tete \u00faj korszakot nyitott. Verseinek egyszer\u0171, minden nep\u00e1liul tud\u00f3 ember sz\u00e1m\u00e1ra k\u00f6nnyen hozz\u00e1f\u00e9rhet\u0151 nyelvezete, n\u00e9ha szenved\u00e9lyes, m\u00e1skor humoros hangv\u00e9tele a nep\u00e1li szabadvers legsikeresebb k\u00f6lt\u0151j\u00e9v\u00e9 tette S\u00e9rcsant. Mint a <em>Vak ember a forg\u00f3sz\u00e9ken<\/em> k\u00f6tetben megjelent <em>Hajnali pofon<\/em> is bizony\u00edtja, S\u00e9rcsan a mindennapok apr\u00f3-csepr\u0151 dolgait is k\u00e9pes az egy\u00e9ni muland\u00f3s\u00e1ggal szembe\u00e1ll\u00edtani, ugyanakkor ir\u00f3ni\u00e1j\u00e1val szeml\u00e9lni.<\/p>\n<p>[\/et_pb_text][et_pb_text admin_label=&#8221;Sz\u00f6veg&#8221; background_layout=&#8221;light&#8221; text_orientation=&#8221;left&#8221; text_font_size=&#8221;14&#8243; use_border_color=&#8221;off&#8221; border_color=&#8221;#ffffff&#8221; border_style=&#8221;solid&#8221;]<\/p>\n<h2>M\u0171veib\u0151l<\/h2>\n<p>[\/et_pb_text][et_pb_text admin_label=&#8221;Sz\u00f6veg&#8221; background_layout=&#8221;light&#8221; text_orientation=&#8221;left&#8221; text_font_size=&#8221;14&#8243; use_border_color=&#8221;off&#8221; border_color=&#8221;#ffffff&#8221; border_style=&#8221;solid&#8221;]<\/p>\n<h4>Hajnali pofon<\/h4>\n<p>Minden nap<br \/>\nlopva j\u00f6n, mint a tolvaj,<br \/>\n\u00e9s kicsit kifacsar a hajnal.<br \/>\nNapsugarak \u00e9rint\u00e9s\u00e9re \u00e9bredek,<br \/>\n\u00e9s l\u00e1tom kelet szab\u00e1lyosan mosott,<br \/>\nh\u00f3feh\u00e9ren ragyog\u00f3 fogait,<br \/>\n\u00e9s lelkem legm\u00e9ly\u00e9t<br \/>\nalig \u00e9szrevehet\u0151, \u00e1m \u00e9les \u00fct\u00e9s \u00e9ri.<br \/>\n\u00d3, \u00e9letem egyre fogy!<br \/>\nMinden nap egyform\u00e1n, ak\u00e1r a fogkr\u00e9m.<em><br \/>\n<\/em><\/p>\n<p><em>\u00a0\u00a0\u00a0\u00a0\u00a0\u00a0\u00a0\u00a0\u00a0\u00a0\u00a0\u00a0\u00a0\u00a0\u00a0\u00a0\u00a0\u00a0\u00a0\u00a0\u00a0\u00a0\u00a0\u00a0\u00a0\u00a0\u00a0\u00a0\u00a0\u00a0\u00a0\u00a0\u00a0\u00a0 Bangha Imre ford\u00edt\u00e1sa nep\u00e1lib\u00f3l<\/em><\/p>\n<p>Megjelent: Kort\u00e1rs indiai irodalom. Nagyvil\u00e1g. Vil\u00e1girodalmi foly\u00f3irat. 2010\/10. Budapest<\/p>\n<p>[\/et_pb_text][\/et_pb_column_inner][\/et_pb_row_inner][\/et_pb_column][\/et_pb_section]<\/p>\n","protected":false},"excerpt":{"rendered":"<p>Bh\u00fapi S\u00e9rcsan Nep\u00e1l Tibettel hat\u00e1ros, \u00e9s a tibeti kult\u00far\u00e1hoz k\u00f6t\u0151d\u0151 Muszt\u00e1ng tartom\u00e1ny\u00e1ban gazdag keresked\u0151csal\u00e1dban sz\u00fcletett, majd India egyik legkiemelked\u0151bb hagyom\u00e1nyos kult\u00fark\u00f6zpontj\u00e1ban, Ben\u00e1reszben tanult. Perif\u00e9rikus sz\u00e1rmaz\u00e1sa \u00e9s k\u00fclf\u00f6ldi tanulm\u00e1nyai ellen\u00e9re S\u00e9rcsant a nep\u00e1li hazaszeretet egyik legnagyobb k\u00f6lt\u0151j\u00e9nek tekintik. Indiai tanulm\u00e1nyai sor\u00e1n k\u00f6zel ker\u00fclt a kommunizmushoz, els\u0151 k\u00f6teteit m\u00e9g ez az eszmerendszer hatja \u00e1t. Mint lapsz\u00e1munk t\u00f6bb [&hellip;]<\/p>\n","protected":false},"author":5,"featured_media":0,"parent":0,"menu_order":0,"comment_status":"closed","ping_status":"closed","template":"","meta":{"_et_pb_use_builder":"on","_et_pb_old_content":"<p><a href=\"https:\/\/mibt.hu\/olvasosarok\/wp-content\/uploads\/sites\/5\/2015\/10\/bhupi-sherchan-1.jpg\"><img class=\"size-medium wp-image-194 alignleft\" src=\"https:\/\/mibt.hu\/olvasosarok\/wp-content\/uploads\/sites\/5\/2015\/10\/bhupi-sherchan-1-300x169.jpg\" alt=\"bhupi-sherchan-1\" width=\"300\" height=\"169\" \/><\/a>Nep\u00e1l Tibettel hat\u00e1ros, \u00e9s a tibeti kult\u00far\u00e1hoz k\u00f6t\u0151d\u0151 Muszt\u00e1ng tartom\u00e1ny\u00e1ban gazdag keresked\u0151csal\u00e1dban sz\u00fcletett, majd India egyik legkiemelked\u0151bb hagyom\u00e1nyos kult\u00fark\u00f6zpontj\u00e1ban, Ben\u00e1reszben tanult. Perif\u00e9rikus sz\u00e1rmaz\u00e1sa \u00e9s k\u00fclf\u00f6ldi tanulm\u00e1nyai ellen\u00e9re S\u00e9rcsant a nep\u00e1li hazaszeretet egyik legnagyobb k\u00f6lt\u0151j\u00e9nek tekintik. Indiai tanulm\u00e1nyai sor\u00e1n k\u00f6zel ker\u00fclt a kommunizmushoz, els\u0151 k\u00f6teteit m\u00e9g ez az eszmerendszer hatja \u00e1t. Mint lapsz\u00e1munk t\u00f6bb szerz\u0151je, \u0151 is megj\u00e1rta a b\u00f6rt\u00f6nt, majd k\u00e9s\u0151bb magas \u00e1llami kit\u00fcntet\u00e9sben r\u00e9szes\u00fclt. Kenyer\u00e9t nem f\u0151\u00e1ll\u00e1s\u00fa \u00edr\u00f3k\u00e9nt, hanem a csal\u00e1di v\u00e1llalkoz\u00e1s ir\u00e1ny\u00edt\u00f3jak\u00e9nt, \u00e9s \u00e9p\u00edt\u00e9si v\u00e1llalkoz\u00f3k\u00e9nt kereste. A hatvanas \u00e9vekben ki\u00e1br\u00e1ndult az izmusokb\u00f3l, 1969-ben megjelent pr\u00f3zavers-k\u00f6tete \u00faj korszakot nyitott. Verseinek egyszer\u0171, minden nep\u00e1liul tud\u00f3 ember sz\u00e1m\u00e1ra k\u00f6nnyen hozz\u00e1f\u00e9rhet\u0151 nyelvezete, n\u00e9ha szenved\u00e9lyes, m\u00e1skor humoros hangv\u00e9tele a nep\u00e1li szabadvers legsikeresebb k\u00f6lt\u0151j\u00e9v\u00e9 tette S\u00e9rcsant. Mint a <em>Vak ember a forg\u00f3sz\u00e9ken<\/em> k\u00f6tetben megjelent <em>Hajnali pofon<\/em> is bizony\u00edtja, S\u00e9rcsan a mindennapok apr\u00f3-csepr\u0151 dolgait is k\u00e9pes az egy\u00e9ni muland\u00f3s\u00e1ggal szembe\u00e1ll\u00edtani, ugyanakkor ir\u00f3ni\u00e1j\u00e1val szeml\u00e9lni.<\/p>","_et_gb_content_width":"","footnotes":""},"class_list":["post-193","page","type-page","status-publish","hentry"],"_links":{"self":[{"href":"https:\/\/mibt.hu\/olvasosarok\/wp-json\/wp\/v2\/pages\/193","targetHints":{"allow":["GET"]}}],"collection":[{"href":"https:\/\/mibt.hu\/olvasosarok\/wp-json\/wp\/v2\/pages"}],"about":[{"href":"https:\/\/mibt.hu\/olvasosarok\/wp-json\/wp\/v2\/types\/page"}],"author":[{"embeddable":true,"href":"https:\/\/mibt.hu\/olvasosarok\/wp-json\/wp\/v2\/users\/5"}],"replies":[{"embeddable":true,"href":"https:\/\/mibt.hu\/olvasosarok\/wp-json\/wp\/v2\/comments?post=193"}],"version-history":[{"count":10,"href":"https:\/\/mibt.hu\/olvasosarok\/wp-json\/wp\/v2\/pages\/193\/revisions"}],"predecessor-version":[{"id":1224,"href":"https:\/\/mibt.hu\/olvasosarok\/wp-json\/wp\/v2\/pages\/193\/revisions\/1224"}],"wp:attachment":[{"href":"https:\/\/mibt.hu\/olvasosarok\/wp-json\/wp\/v2\/media?parent=193"}],"curies":[{"name":"wp","href":"https:\/\/api.w.org\/{rel}","templated":true}]}}