{"id":1254,"date":"2016-06-19T13:48:04","date_gmt":"2016-06-19T13:48:04","guid":{"rendered":"https:\/\/mibt.hu\/olvasosarok\/?page_id=1254"},"modified":"2016-08-11T11:00:35","modified_gmt":"2016-08-11T11:00:35","slug":"salman-rushdie-1947-junius-19","status":"publish","type":"page","link":"https:\/\/mibt.hu\/olvasosarok\/angol\/salman-rushdie-1947-junius-19\/","title":{"rendered":"Salman Rushdie (1947. j\u00fanius 19. &#8211; )"},"content":{"rendered":"<p>[et_pb_section admin_label=&#8221;section&#8221; disabled=&#8221;on&#8221;][et_pb_row admin_label=&#8221;row&#8221;][et_pb_column type=&#8221;4_4&#8243;][\/et_pb_column][\/et_pb_row][\/et_pb_section][et_pb_section fullwidth=&#8221;on&#8221; specialty=&#8221;off&#8221; admin_label=&#8221;Szakasz&#8221;][et_pb_fullwidth_menu admin_label=&#8221;Teljes sz\u00e9less\u00e9g\u0171 men\u00fc&#8221; menu_id=&#8221;2&#8243; background_color=&#8221;#ffffff&#8221; background_layout=&#8221;light&#8221; text_orientation=&#8221;center&#8221; submenu_direction=&#8221;downwards&#8221; fullwidth_menu=&#8221;off&#8221; dropdown_menu_animation=&#8221;fade&#8221; \/][\/et_pb_section][et_pb_section admin_label=&#8221;Szakasz&#8221; fullwidth=&#8221;off&#8221; specialty=&#8221;on&#8221;][et_pb_column type=&#8221;1_4&#8243;][et_pb_image admin_label=&#8221;K\u00e9p&#8221; src=&#8221;https:\/\/mibt.hu\/olvasosarok\/wp-content\/uploads\/sites\/5\/2016\/06\/salman-rushdie.jpg&#8221; show_in_lightbox=&#8221;off&#8221; url_new_window=&#8221;off&#8221; animation=&#8221;off&#8221; sticky=&#8221;off&#8221; align=&#8221;left&#8221; force_fullwidth=&#8221;off&#8221; always_center_on_mobile=&#8221;on&#8221; use_border_color=&#8221;off&#8221; border_color=&#8221;#ffffff&#8221; border_style=&#8221;solid&#8221;] [\/et_pb_image][\/et_pb_column][et_pb_column type=&#8221;3_4&#8243; specialty_columns=&#8221;3&#8243;][et_pb_row_inner admin_label=&#8221;Sor&#8221;][et_pb_column_inner type=&#8221;4_4&#8243; saved_specialty_column_type=&#8221;3_4&#8243;][et_pb_text admin_label=&#8221;Sz\u00f6veg&#8221; background_layout=&#8221;light&#8221; text_orientation=&#8221;left&#8221; text_font_size=&#8221;14&#8243; use_border_color=&#8221;off&#8221; border_color=&#8221;#ffffff&#8221; border_style=&#8221;solid&#8221;]<\/p>\n<h2>Salman Rushdie (1947. j\u00fanius 19. &#8211; )<\/h2>\n<p>[\/et_pb_text][et_pb_text admin_label=&#8221;Sz\u00f6veg&#8221;]<\/p>\n<p>Indiai sz\u00e1rmaz\u00e1s\u00fa brit \u00edr\u00f3. Reg\u00e9nyei gyakran Indi\u00e1ban j\u00e1tsz\u00f3dnak, \u00edr\u00e1sm\u00f3dj\u00e1nak jellemz\u0151je a m\u00e1gikus realizmus. Els\u0151 reg\u00e9nye 1975-ben jelent meg Grimus c\u00edmmel, amelyet magyarra 2002-ben ford\u00edtottak le. Els\u0151 magyarul megjelent reg\u00e9nye m\u00e9gsem ez, hanem az 1987-es Az \u00e9jf\u00e9l gyermekei volt (az eredeti m\u0171 1980-ban jelent meg). Ett\u0151l kezdve folyamatosan jelennek meg reg\u00e9nyei magyar ford\u00edt\u00e1sban. N\u00e9h\u00e1ny tov\u00e1bbi jelent\u0151s \u00e9s n\u00e9pszer\u0171 m\u0171ve: S\u00e1t\u00e1ni versek (2004), Sz\u00e9gyen (1989), A m\u00f3r utols\u00f3 s\u00f3haja (1998), A firenzei var\u00e1zsl\u00f3n\u0151 (2008).<\/p>\n<p>Egyik kedvenc id\u00e9zet\u00fcnk Az \u00e9jf\u00e9l gyermekeib\u0151l:<\/p>\n<p>\u201eA dolgok, de m\u00e9g az emberek is, \u00e1tsziv\u00e1rognak egym\u00e1sba, \u00e1thatj\u00e1k egym\u00e1st, ak\u00e1r az \u00edzek, amikor f\u0151z\u00fcnk.\u201d<\/p>\n<p>Az \u00e9jf\u00e9l gyermekei (2007) \u2013 57. oldal<\/p>\n<p>[\/et_pb_text][et_pb_text admin_label=&#8221;Sz\u00f6veg&#8221; background_layout=&#8221;light&#8221; text_orientation=&#8221;left&#8221; text_font_size=&#8221;14&#8243; use_border_color=&#8221;off&#8221; border_color=&#8221;#ffffff&#8221; border_style=&#8221;solid&#8221;]<\/p>\n<h2>M\u0171veib\u0151l<\/h2>\n<p>[\/et_pb_text][et_pb_blog admin_label=&#8221;Blog&#8221; fullwidth=&#8221;on&#8221; include_categories=&#8221;50&#8243; show_thumbnail=&#8221;on&#8221; show_content=&#8221;on&#8221; show_more=&#8221;off&#8221; show_author=&#8221;off&#8221; show_date=&#8221;off&#8221; show_categories=&#8221;off&#8221; show_comments=&#8221;off&#8221; show_pagination=&#8221;off&#8221; offset_number=&#8221;0&#8243; background_layout=&#8221;light&#8221; use_dropshadow=&#8221;off&#8221; header_font_size=&#8221;18&#8243; meta_font_size=&#8221;14&#8243; body_font_size=&#8221;14&#8243; use_border_color=&#8221;off&#8221; border_color=&#8221;#ffffff&#8221; border_style=&#8221;solid&#8221;] [\/et_pb_blog][\/et_pb_column_inner][\/et_pb_row_inner][\/et_pb_column][\/et_pb_section]<\/p>\n","protected":false},"excerpt":{"rendered":"<p>Salman Rushdie (1947. j\u00fanius 19. &#8211; ) Indiai sz\u00e1rmaz\u00e1s\u00fa brit \u00edr\u00f3. Reg\u00e9nyei gyakran Indi\u00e1ban j\u00e1tsz\u00f3dnak, \u00edr\u00e1sm\u00f3dj\u00e1nak jellemz\u0151je a m\u00e1gikus realizmus. Els\u0151 reg\u00e9nye 1975-ben jelent meg Grimus c\u00edmmel, amelyet magyarra 2002-ben ford\u00edtottak le. Els\u0151 magyarul megjelent reg\u00e9nye m\u00e9gsem ez, hanem az 1987-es Az \u00e9jf\u00e9l gyermekei volt (az eredeti m\u0171 1980-ban jelent meg). Ett\u0151l kezdve folyamatosan jelennek [&hellip;]<\/p>\n","protected":false},"author":1,"featured_media":1259,"parent":47,"menu_order":0,"comment_status":"closed","ping_status":"closed","template":"","meta":{"_et_pb_use_builder":"on","_et_pb_old_content":"<p>Indiai sz\u00e1rmaz\u00e1s\u00fa brit \u00edr\u00f3. Reg\u00e9nyei gyakran Indi\u00e1ban j\u00e1tsz\u00f3dnak, \u00edr\u00e1sm\u00f3dj\u00e1nak jellemz\u0151je a m\u00e1gikus realizmus. Els\u0151 reg\u00e9nye 1975-ben jelent meg Grimus c\u00edmmel, amelyet magyarra 2002-ben ford\u00edtottak le. Els\u0151 magyarul megjelent reg\u00e9nye m\u00e9gsem ez, hanem az 1987-es Az \u00e9jf\u00e9l gyermekei volt (az eredeti m\u0171 1980-ban jelent meg). Ett\u0151l kezdve folyamatosan jelennek meg reg\u00e9nyei magyar ford\u00edt\u00e1sban. N\u00e9h\u00e1ny tov\u00e1bbi jelent\u0151s \u00e9s n\u00e9pszer\u0171 m\u0171ve: S\u00e1t\u00e1ni versek (2004), Sz\u00e9gyen (1989), A m\u00f3r utols\u00f3 s\u00f3haja (1998), A firenzei var\u00e1zsl\u00f3n\u0151 (2008).<\/p><p>Egyik kedvenc id\u00e9zet\u00fcnk Az \u00e9jf\u00e9l gyermekeib\u0151l:<\/p><p>\u201eA dolgok, de m\u00e9g az emberek is, \u00e1tsziv\u00e1rognak egym\u00e1sba, \u00e1thatj\u00e1k egym\u00e1st, ak\u00e1r az \u00edzek, amikor f\u0151z\u00fcnk.\u201d<\/p><p>Az \u00e9jf\u00e9l gyermekei (2007) \u2013 57. oldal<\/p>","_et_gb_content_width":"","footnotes":""},"class_list":["post-1254","page","type-page","status-publish","has-post-thumbnail","hentry"],"_links":{"self":[{"href":"https:\/\/mibt.hu\/olvasosarok\/wp-json\/wp\/v2\/pages\/1254","targetHints":{"allow":["GET"]}}],"collection":[{"href":"https:\/\/mibt.hu\/olvasosarok\/wp-json\/wp\/v2\/pages"}],"about":[{"href":"https:\/\/mibt.hu\/olvasosarok\/wp-json\/wp\/v2\/types\/page"}],"author":[{"embeddable":true,"href":"https:\/\/mibt.hu\/olvasosarok\/wp-json\/wp\/v2\/users\/1"}],"replies":[{"embeddable":true,"href":"https:\/\/mibt.hu\/olvasosarok\/wp-json\/wp\/v2\/comments?post=1254"}],"version-history":[{"count":9,"href":"https:\/\/mibt.hu\/olvasosarok\/wp-json\/wp\/v2\/pages\/1254\/revisions"}],"predecessor-version":[{"id":1295,"href":"https:\/\/mibt.hu\/olvasosarok\/wp-json\/wp\/v2\/pages\/1254\/revisions\/1295"}],"up":[{"embeddable":true,"href":"https:\/\/mibt.hu\/olvasosarok\/wp-json\/wp\/v2\/pages\/47"}],"wp:featuredmedia":[{"embeddable":true,"href":"https:\/\/mibt.hu\/olvasosarok\/wp-json\/wp\/v2\/media\/1259"}],"wp:attachment":[{"href":"https:\/\/mibt.hu\/olvasosarok\/wp-json\/wp\/v2\/media?parent=1254"}],"curies":[{"name":"wp","href":"https:\/\/api.w.org\/{rel}","templated":true}]}}

Salman Rushdie (1947. június 19. &#8211; )

<p>[et_pb_section admin_label=&#8221;section&#8221; disabled=&#8221;on&#8221;][et_pb_row admin_label=&#8221;row&#8221;][et_pb_column type=&#8221;4_4&#8243;][/et_pb_column][/et_pb_row][/et_pb_section][et_pb_section fullwidth=&#8221;on&#8221; specialty=&#8221;off&#8221; admin_label=&#8221;Szakasz&#8221;][et_pb_fullwidth_menu admin_label=&#8221;Teljes szélességű menü&#8221; menu_id=&#8221;2&#8243; background_color=&#8221;#ffffff&#8221; background_layout=&#8221;light&#8221; text_orientation=&#8221;center&#8221; submenu_direction=&#8221;downwards&#8221; fullwidth_menu=&#8221;off&#8221; dropdown_menu_animation=&#8221;fade&#8221; /][/et_pb_section][et_pb_section admin_label=&#8221;Szakasz&#8221; fullwidth=&#8221;off&#8221; specialty=&#8221;on&#8221;][et_pb_column type=&#8221;1_4&#8243;][et_pb_image admin_label=&#8221;Kép&#8221; src=&#8221;https://mibt.hu/olvasosarok/wp-content/uploads/sites/5/2016/06/salman-rushdie.jpg&#8221; show_in_lightbox=&#8221;off&#8221; url_new_window=&#8221;off&#8221; animation=&#8221;off&#8221; sticky=&#8221;off&#8221; align=&#8221;left&#8221; force_fullwidth=&#8221;off&#8221; always_center_on_mobile=&#8221;on&#8221; use_border_color=&#8221;off&#8221; border_color=&#8221;#ffffff&#8221; border_style=&#8221;solid&#8221;] [/et_pb_image][/et_pb_column][et_pb_column type=&#8221;3_4&#8243; specialty_columns=&#8221;3&#8243;][et_pb_row_inner admin_label=&#8221;Sor&#8221;][et_pb_column_inner type=&#8221;4_4&#8243; saved_specialty_column_type=&#8221;3_4&#8243;][et_pb_text admin_label=&#8221;Szöveg&#8221; background_layout=&#8221;light&#8221; text_orientation=&#8221;left&#8221; text_font_size=&#8221;14&#8243; use_border_color=&#8221;off&#8221; border_color=&#8221;#ffffff&#8221; border_style=&#8221;solid&#8221;]</p>
<h2>Salman Rushdie (1947. június 19. &#8211; )</h2>
<p>[/et_pb_text][et_pb_text admin_label=&#8221;Szöveg&#8221;]</p>
<p>Indiai származású brit író. Regényei gyakran Indiában játszódnak, írásmódjának jellemzője a mágikus realizmus. Első regénye 1975-ben jelent meg Grimus címmel, amelyet magyarra 2002-ben fordítottak le. Első magyarul megjelent regénye mégsem ez, hanem az 1987-es Az éjfél gyermekei volt (az eredeti mű 1980-ban jelent meg). Ettől kezdve folyamatosan jelennek meg regényei magyar fordításban. Néhány további jelentős és népszerű műve: Sátáni versek (2004), Szégyen (1989), A mór utolsó sóhaja (1998), A firenzei varázslónő (2008).</p>
<p>Egyik kedvenc idézetünk Az éjfél gyermekeiből:</p>
<p>„A dolgok, de még az emberek is, átszivárognak egymásba, áthatják egymást, akár az ízek, amikor főzünk.”</p>
<p>Az éjfél gyermekei (2007) – 57. oldal</p>
<p>[/et_pb_text][et_pb_text admin_label=&#8221;Szöveg&#8221; background_layout=&#8221;light&#8221; text_orientation=&#8221;left&#8221; text_font_size=&#8221;14&#8243; use_border_color=&#8221;off&#8221; border_color=&#8221;#ffffff&#8221; border_style=&#8221;solid&#8221;]</p>
<h2>Műveiből</h2>
<p>[/et_pb_text][et_pb_blog admin_label=&#8221;Blog&#8221; fullwidth=&#8221;on&#8221; include_categories=&#8221;50&#8243; show_thumbnail=&#8221;on&#8221; show_content=&#8221;on&#8221; show_more=&#8221;off&#8221; show_author=&#8221;off&#8221; show_date=&#8221;off&#8221; show_categories=&#8221;off&#8221; show_comments=&#8221;off&#8221; show_pagination=&#8221;off&#8221; offset_number=&#8221;0&#8243; background_layout=&#8221;light&#8221; use_dropshadow=&#8221;off&#8221; header_font_size=&#8221;18&#8243; meta_font_size=&#8221;14&#8243; body_font_size=&#8221;14&#8243; use_border_color=&#8221;off&#8221; border_color=&#8221;#ffffff&#8221; border_style=&#8221;solid&#8221;] [/et_pb_blog][/et_pb_column_inner][/et_pb_row_inner][/et_pb_column][/et_pb_section]</p>

<p>Salman Rushdie (1947. június 19. &#8211; ) Indiai származású brit író. Regényei gyakran Indiában játszódnak, írásmódjának jellemzője a mágikus realizmus. Első regénye 1975-ben jelent meg Grimus címmel, amelyet magyarra 2002-ben fordítottak le. Első magyarul megjelent regénye mégsem ez, hanem az 1987-es Az éjfél gyermekei volt (az eredeti mű 1980-ban jelent meg). Ettől kezdve folyamatosan jelennek [&hellip;]</p>

<p>Indiai származású brit író. Regényei gyakran Indiában játszódnak, írásmódjának jellemzője a mágikus realizmus. Első regénye 1975-ben jelent meg Grimus címmel, amelyet magyarra 2002-ben fordítottak le. Első magyarul megjelent regénye mégsem ez, hanem az 1987-es Az éjfél gyermekei volt (az eredeti mű 1980-ban jelent meg). Ettől kezdve folyamatosan jelennek meg regényei magyar fordításban. Néhány további jelentős és népszerű műve: Sátáni versek (2004), Szégyen (1989), A mór utolsó sóhaja (1998), A firenzei varázslónő (2008).</p><p>Egyik kedvenc idézetünk Az éjfél gyermekeiből:</p><p>„A dolgok, de még az emberek is, átszivárognak egymásba, áthatják egymást, akár az ízek, amikor főzünk.”</p><p>Az éjfél gyermekei (2007) – 57. oldal</p>
